{"id":2129,"date":"2015-04-21T20:55:50","date_gmt":"2015-04-21T19:55:50","guid":{"rendered":"http:\/\/vision.wettintv.de\/?page_id=2129"},"modified":"2023-10-27T14:44:04","modified_gmt":"2023-10-27T13:44:04","slug":"calismaya-uygun-format-belirleme","status":"publish","type":"page","link":"https:\/\/vision-videoschool.eu\/?page_id=2129","title":{"rendered":"\u00c7al\u0131\u015fmaya uygun format belirleme"},"content":{"rendered":"<div class=\"pdfprnt-buttons pdfprnt-buttons-page pdfprnt-top-right\"><a href=\"https:\/\/vision-videoschool.eu\/index.php?rest_route=%2Fwp%2Fv2%2Fpages%2F2129&print=pdf\" class=\"pdfprnt-button pdfprnt-button-pdf\" target=\"_blank\" ><img decoding=\"async\" src=\"https:\/\/vision-videoschool.eu\/wp-content\/plugins\/pdf-print\/images\/pdf.png\" alt=\"image_pdf\" title=\"PDF anzeigen\" \/><\/a><\/div><p>Burada farkl\u0131 film formatlar\u0131 hakk\u0131nda ba\u015fka alt b\u00f6l\u00fcmler de bulacaks\u0131n\u0131z.<\/p>\n<p>&nbsp;<\/p>\n<style type='text\/css' media='all'>#rt-tpg-container-2907790524 .rt-holder .rt-woo-info .price{color:#f4f4f4;}body .rt-tpg-container .rt-tpg-isotope-buttons .selected,\n\t\t\t\t\t#rt-tpg-container-2907790524 .layout12 .rt-holder:hover .rt-detail,\n\t\t\t\t\t#rt-tpg-container-2907790524 .isotope8 .rt-holder:hover .rt-detail,\n\t\t\t\t\t#rt-tpg-container-2907790524 .carousel8 .rt-holder:hover .rt-detail,\n\t\t\t\t\t#rt-tpg-container-2907790524 .layout13 .rt-holder .overlay .post-info,\n\t\t\t\t\t#rt-tpg-container-2907790524 .isotope9 .rt-holder .overlay .post-info,\n\t\t\t\t\t#rt-tpg-container-2907790524.rt-tpg-container .layout4 .rt-holder .rt-detail,\n\t\t\t\t\t.rt-modal-2907790524 .md-content,\n\t\t\t\t\t.rt-modal-2907790524 .md-content > .rt-md-content-holder .rt-md-content,\n\t\t\t\t\t.rt-popup-wrap-2907790524.rt-popup-wrap .rt-popup-navigation-wrap,\n\t\t\t\t\t#rt-tpg-container-2907790524 .carousel9 .rt-holder .overlay .post-info{background-color:#f4f4f4;}#rt-tpg-container-2907790524 .layout5 .rt-holder .overlay, #rt-tpg-container-2907790524 .isotope2 .rt-holder .overlay, #rt-tpg-container-2907790524 .carousel2 .rt-holder .overlay,#rt-tpg-container-2907790524 .layout15 .rt-holder h3, #rt-tpg-container-2907790524 .isotope11 .rt-holder h3, #rt-tpg-container-2907790524 .carousel11 .rt-holder h3, #rt-tpg-container-2907790524 .layout16 .rt-holder h3,\n\t\t\t\t\t#rt-tpg-container-2907790524 .isotope12 .rt-holder h3, #rt-tpg-container-2907790524 .carousel12 .rt-holder h3 {background-color:rgba(244,244,244,0.8);}#rt-tpg-container-2907790524 .read-more a{border-radius:px;}#rt-tpg-container-2907790524 .rt-img-holder img.rt-img-responsive,#rt-tpg-container-2907790524 .rt-img-holder,\n\t\t\t\t\t#rt-tpg-container-2907790524 .rt-post-overlay .post-img,\n\t\t\t\t\t#rt-tpg-container-2907790524 .post-sm .post-img,\n\t\t\t\t\t#rt-tpg-container-2907790524 .rt-post-grid .post-img,\n\t\t\t\t\t#rt-tpg-container-2907790524 .post-img img {border-radius:px;}<\/style><div class='rt-container-fluid rt-tpg-container tpg-shortcode-main-wrapper  loading' id='rt-tpg-container-2907790524'   data-layout='layout2' data-grid-style='even' data-desktop-col='1'  data-tab-col='1'  data-mobile-col='1' data-sc-id='6452'><div id=\"bottom-script-loader\" class=\"bottom-script-loader\"><div class=\"rt-ball-clip-rotate\"><div><\/div><\/div><\/div><div data-title='Loading ...' class='rt-row rt-content-loader   layout2 tpg-even '><div class=\"rt-col-md-12 rt-col-sm-12 rt-col-xs-12 even-grid-item rt-grid-item img_zoom_in\" data-id=\"2569\"><div class=\"rt-holder\"><div class=\"rt-row\"><div class='rt-col-sm-6 rt-col-xs-12 '><div class=\"rt-img-holder\"><a data-id='2569' class='' href='https:\/\/vision-videoschool.eu\/?page_id=2569'><img loading=\"lazy\" decoding=\"async\" width=\"644\" height=\"354\" src=\"https:\/\/vision-videoschool.eu\/wp-content\/uploads\/2015\/02\/DSC0137-644x354.jpg\" class=\"rt-img-responsive \" alt=\"\" \/><\/a><\/div><\/div><div class='rt-col-sm-6 rt-col-xs-12 '><div class='rt-detail'><h3 class=\"entry-title\"><a data-id=\"2569\" class=\"\" href=\"https:\/\/vision-videoschool.eu\/?page_id=2569\">R\u00f6portaj Yapma<\/a><\/h3><div class='tpg-excerpt'>Giri\u015f Bir r\u00f6portaj genelde iyi bir haz\u0131rl\u0131k gerektirir. Tek ba\u015f\u0131na bir r\u00f6portaj program\u0131 olabilece\u011fi gibi ba\u015fka bir program\u0131n par\u00e7as\u0131 da olabilir. Bir r\u00f6portaj bir konunun sadece bir par\u00e7as\u0131m\u0131d\u0131r (\u00f6rne\u011fin belgesel), en ba\u015fta \u015funu netle\u015ftirmelisiniz...<\/div><span class='read-more '><a data-id='2569' class='' href='https:\/\/vision-videoschool.eu\/?page_id=2569'>Okumaya devam et<\/a><\/span><\/div><\/div><\/div><\/div><\/div><div class=\"rt-col-md-12 rt-col-sm-12 rt-col-xs-12 even-grid-item rt-grid-item img_zoom_in\" data-id=\"887\"><div class=\"rt-holder\"><div class=\"rt-row\"><div class='rt-col-sm-6 rt-col-xs-12 '><div class=\"rt-img-holder\"><a data-id='887' class='' href='https:\/\/vision-videoschool.eu\/?page_id=887'><img loading=\"lazy\" decoding=\"async\" width=\"644\" height=\"362\" src=\"https:\/\/vision-videoschool.eu\/wp-content\/uploads\/2015\/02\/About-the-project-32-e1649763073892-644x362.jpg\" class=\"rt-img-responsive \" alt=\"\" \/><\/a><\/div><\/div><div class='rt-col-sm-6 rt-col-xs-12 '><div class='rt-detail'><h3 class=\"entry-title\"><a data-id=\"887\" class=\"\" href=\"https:\/\/vision-videoschool.eu\/?page_id=887\">Televizyon haberleri ve r\u00f6portajlar\u0131 haz\u0131rlama<\/a><\/h3><div class='tpg-excerpt'>Giri\u015f Televizyon haber ve r\u00f6portajlar\u0131 TV yap\u0131mc\u0131lar\u0131 taraf\u0131ndan iki farkl\u0131 formatta haz\u0131rlanmaktad\u0131r. Kurumdan kuruma farkl\u0131l\u0131k g\u00f6stermekle beraber s\u00fcrekli geli\u015fen ve de\u011fi\u015fen bir \u00e7al\u0131\u015fmad\u0131r. Farkl\u0131l\u0131k kurumun yay\u0131n ilkelerine, b\u00fct\u00e7esine, bulundu\u011fu...<\/div><span class='read-more '><a data-id='887' class='' href='https:\/\/vision-videoschool.eu\/?page_id=887'>Okumaya devam et<\/a><\/span><\/div><\/div><\/div><\/div><\/div><div class=\"rt-col-md-12 rt-col-sm-12 rt-col-xs-12 even-grid-item rt-grid-item img_zoom_in\" data-id=\"164\"><div class=\"rt-holder\"><div class=\"rt-row\"><div class='rt-col-sm-6 rt-col-xs-12 '><div class=\"rt-img-holder\"><a data-id='164' class='' href='https:\/\/vision-videoschool.eu\/?page_id=164'><img loading=\"lazy\" decoding=\"async\" width=\"644\" height=\"362\" src=\"https:\/\/vision-videoschool.eu\/wp-content\/uploads\/2015\/03\/DSC_1865-e1649763580789-644x362.jpg\" class=\"rt-img-responsive \" alt=\"\" \/><\/a><\/div><\/div><div class='rt-col-sm-6 rt-col-xs-12 '><div class='rt-detail'><h3 class=\"entry-title\"><a data-id=\"164\" class=\"\" href=\"https:\/\/vision-videoschool.eu\/?page_id=164\">Belgesel film yap\u0131m\u0131<\/a><\/h3><div class='tpg-excerpt'>Giri\u015f Bu b\u00f6l\u00fcm sizlere basit olarak nas\u0131l bir belgesel haz\u0131rlayaca\u011f\u0131n\u0131z\u0131 anlatacakt\u0131r. Belgesel film yapmak biraz karma\u015f\u0131k bir s\u00fcre\u00e7tir, ve mevcut ger\u00e7ek durumu yarat\u0131c\u0131 bir yolla izleyicilere aktarman\u0131z gerekir. Bazen bir sahneyi ve ki\u015fiyi anlatmak...<\/div><span class='read-more '><a data-id='164' class='' href='https:\/\/vision-videoschool.eu\/?page_id=164'>Okumaya devam et<\/a><\/span><\/div><\/div><\/div><\/div><\/div><div class=\"rt-col-md-12 rt-col-sm-12 rt-col-xs-12 even-grid-item rt-grid-item img_zoom_in\" data-id=\"2920\"><div class=\"rt-holder\"><div class=\"rt-row\"><div class='rt-col-sm-6 rt-col-xs-12 '><div class=\"rt-img-holder\"><a data-id='2920' class='' href='https:\/\/vision-videoschool.eu\/?page_id=2920'><img loading=\"lazy\" decoding=\"async\" width=\"644\" height=\"362\" src=\"https:\/\/vision-videoschool.eu\/wp-content\/uploads\/2015\/02\/DSC_0098mala-e1649763034245-644x362.jpg\" class=\"rt-img-responsive \" alt=\"\" \/><\/a><\/div><\/div><div class='rt-col-sm-6 rt-col-xs-12 '><div class='rt-detail'><h3 class=\"entry-title\"><a data-id=\"2920\" class=\"\" href=\"https:\/\/vision-videoschool.eu\/?page_id=2920\">M\u00fczik video klip yap\u0131m\u0131<\/a><\/h3><div class='tpg-excerpt'>Giri\u015f Yarat\u0131c\u0131l\u0131\u011f\u0131n\u0131z\u0131 g\u00f6stermenin en g\u00fczel yollar\u0131ndan birisi m\u00fczik videolar\u0131d\u0131r. Art\u0131 , m\u00fczi\u011fi de seviyorsan\u0131z bu \u00e7al\u0131\u015fma sizin i\u00e7in \u00e7ok e\u011flenceli ve verimlide olabilir. Yapaca\u011f\u0131n\u0131z videoya ba\u011fl\u0131 olmakla beraber \u00e7al\u0131\u015fman\u0131z bazen deneyim ve bilgi...<\/div><span class='read-more '><a data-id='2920' class='' href='https:\/\/vision-videoschool.eu\/?page_id=2920'>Okumaya devam et<\/a><\/span><\/div><\/div><\/div><\/div><\/div><div class=\"rt-col-md-12 rt-col-sm-12 rt-col-xs-12 even-grid-item rt-grid-item img_zoom_in\" data-id=\"920\"><div class=\"rt-holder\"><div class=\"rt-row\"><div class='rt-col-sm-6 rt-col-xs-12 '><div class=\"rt-img-holder\"><a data-id='920' class='' href='https:\/\/vision-videoschool.eu\/?page_id=920'><img loading=\"lazy\" decoding=\"async\" width=\"644\" height=\"362\" src=\"https:\/\/vision-videoschool.eu\/wp-content\/uploads\/2015\/03\/header-videocollage-e1649763990655-644x362.jpg\" class=\"rt-img-responsive \" alt=\"\" \/><\/a><\/div><\/div><div class='rt-col-sm-6 rt-col-xs-12 '><div class='rt-detail'><h3 class=\"entry-title\"><a data-id=\"920\" class=\"\" href=\"https:\/\/vision-videoschool.eu\/?page_id=920\">Video Kolaj Yapma<\/a><\/h3><div class='tpg-excerpt'>Giri\u015f Video kolaj haz\u0131rlama video haz\u0131rlaman\u0131n en kolay yoludur. Video kolaj\u0131 genelde foto\u011fraflar\u0131 bir araya getirerek veya k\u0131sa videolar\u0131 kullanarak yapar\u0131z. Proje sunumlar\u0131n\u0131n, etkinlik tan\u0131t\u0131mlar\u0131n\u0131n en kolay yoludur video kolaj. \u00a0 Vision in...<\/div><span class='read-more '><a data-id='920' class='' href='https:\/\/vision-videoschool.eu\/?page_id=920'>Okumaya devam et<\/a><\/span><\/div><\/div><\/div><\/div><\/div><div class=\"rt-col-md-12 rt-col-sm-12 rt-col-xs-12 even-grid-item rt-grid-item img_zoom_in\" data-id=\"2923\"><div class=\"rt-holder\"><div class=\"rt-row\"><div class='rt-col-sm-6 rt-col-xs-12 '><div class=\"rt-img-holder\"><a data-id='2923' class='' href='https:\/\/vision-videoschool.eu\/?page_id=2923'><img loading=\"lazy\" decoding=\"async\" width=\"644\" height=\"362\" src=\"https:\/\/vision-videoschool.eu\/wp-content\/uploads\/2015\/02\/DSC_0488-001-mala-e1649764375373-644x362.jpg\" class=\"rt-img-responsive \" alt=\"\" \/><\/a><\/div><\/div><div class='rt-col-sm-6 rt-col-xs-12 '><div class='rt-detail'><h3 class=\"entry-title\"><a data-id=\"2923\" class=\"\" href=\"https:\/\/vision-videoschool.eu\/?page_id=2923\">Basit animasyon yap\u0131m\u0131<\/a><\/h3><div class='tpg-excerpt'>Giri\u015f Stop-Motion animasyon, animasyon film haz\u0131rlaman\u0131n en basit yoludur. Objeleri yava\u015f yava\u015f hareket ettirerek \u00e7ekilen bir\u00e7ok resmin birle\u015fmesi ile olu\u015fturulur, ve hareket ediyormu\u015f izlenimi yarat\u0131l\u0131r. Bizler sizlere bu b\u00f6l\u00fcmde normal bir kamera...<\/div><span class='read-more '><a data-id='2923' class='' href='https:\/\/vision-videoschool.eu\/?page_id=2923'>Okumaya devam et<\/a><\/span><\/div><\/div><\/div><\/div><\/div><div class=\"rt-col-md-12 rt-col-sm-12 rt-col-xs-12 even-grid-item rt-grid-item img_zoom_in\" data-id=\"2917\"><div class=\"rt-holder\"><div class=\"rt-row\"><div class='rt-col-sm-6 rt-col-xs-12 '><div class=\"rt-img-holder\"><a data-id='2917' class='' href='https:\/\/vision-videoschool.eu\/?page_id=2917'><img loading=\"lazy\" decoding=\"async\" width=\"644\" height=\"362\" src=\"https:\/\/vision-videoschool.eu\/wp-content\/uploads\/2015\/02\/header-stage-performance-e1649763888189-644x362.jpg\" class=\"rt-img-responsive \" alt=\"\" \/><\/a><\/div><\/div><div class='rt-col-sm-6 rt-col-xs-12 '><div class='rt-detail'><h3 class=\"entry-title\"><a data-id=\"2917\" class=\"\" href=\"https:\/\/vision-videoschool.eu\/?page_id=2917\">Sahne performans\u0131 veya spor etkinli\u011fi film yap\u0131m\u0131<\/a><\/h3><div class='tpg-excerpt'>Giri\u015f Bu b\u00f6l\u00fcmde nas\u0131l farkl\u0131 t\u00fcrde sahne \u00e7ekimleri yapaca\u011f\u0131n\u0131z\u0131 ve spor olaylar\u0131 \u00e7ekece\u011finizi \u00f6\u011freneceksiniz. Sahne performans\u0131ndan kast\u0131m\u0131z bie sahne \u00fczerinde yap\u0131lan herhangibi olay\u0131 g\u00f6steriyi , tiyatroyu i\u00e7ermektedir. Spor olay\u0131 ise basketbol...<\/div><span class='read-more '><a data-id='2917' class='' href='https:\/\/vision-videoschool.eu\/?page_id=2917'>Okumaya devam et<\/a><\/span><\/div><\/div><\/div><\/div><\/div><div class=\"rt-col-md-12 rt-col-sm-12 rt-col-xs-12 even-grid-item rt-grid-item img_zoom_in\" data-id=\"2926\"><div class=\"rt-holder\"><div class=\"rt-row\"><div class='rt-col-sm-6 rt-col-xs-12 '><div class=\"rt-img-holder\"><a data-id='2926' class='' href='https:\/\/vision-videoschool.eu\/?page_id=2926'><img loading=\"lazy\" decoding=\"async\" width=\"644\" height=\"363\" src=\"https:\/\/vision-videoschool.eu\/wp-content\/uploads\/2015\/02\/header-kratek-igrani-e1649763947450-644x363.jpg\" class=\"rt-img-responsive \" alt=\"\" \/><\/a><\/div><\/div><div class='rt-col-sm-6 rt-col-xs-12 '><div class='rt-detail'><h3 class=\"entry-title\"><a data-id=\"2926\" class=\"\" href=\"https:\/\/vision-videoschool.eu\/?page_id=2926\">K\u0131sa metraj film yap\u0131m\u0131<\/a><\/h3><div class='tpg-excerpt'>Giri\u015f Uzun metraj filmler sinemalarda da s\u00fcrekli izledi\u011fimiz filmlerdir. Genelde 1,5 veya 2 saat s\u00fcrerler. Haz\u0131rlanmas\u0131 ciddi \u00e7aba ve para gerektirir. Bu b\u00f6l\u00fcmde sizlere bu t\u00fcr filmlerin nas\u0131l yap\u0131ld\u0131\u011f\u0131n\u0131 ve k\u0131sa metraj bir filmin yap\u0131m\u0131nda s\u00f6z...<\/div><span class='read-more '><a data-id='2926' class='' href='https:\/\/vision-videoschool.eu\/?page_id=2926'>Okumaya devam et<\/a><\/span><\/div><\/div><\/div><\/div><\/div><\/div><\/div>\n","protected":false},"excerpt":{"rendered":"<p>Burada farkl\u0131 film formatlar\u0131 hakk\u0131nda ba\u015fka alt b\u00f6l\u00fcmler de bulacaks\u0131n\u0131z. &nbsp;<\/p>\n","protected":false},"author":1,"featured_media":1931,"parent":365,"menu_order":0,"comment_status":"closed","ping_status":"closed","template":"page_fullwidth.php","meta":{"footnotes":""},"language":[6],"class_list":["post-2129","page","type-page","status-publish","has-post-thumbnail","hentry","language-tr_tr"],"yoast_head":"<!-- This site is optimized with the Yoast SEO plugin v27.6 - https:\/\/yoast.com\/product\/yoast-seo-wordpress\/ -->\n<title>\u00c7al\u0131\u015fmaya uygun format belirleme - V I S I O N and A N I M A V I S I O N - Video School Online<\/title>\n<meta name=\"robots\" content=\"index, follow, max-snippet:-1, max-image-preview:large, max-video-preview:-1\" \/>\n<link rel=\"canonical\" href=\"https:\/\/vision-videoschool.eu\/?page_id=2129\" \/>\n<meta property=\"og:locale\" content=\"de_DE\" \/>\n<meta property=\"og:type\" content=\"article\" \/>\n<meta property=\"og:title\" content=\"\u00c7al\u0131\u015fmaya uygun format belirleme - V I S I O N and A N I M A V I S I O N - Video School Online\" \/>\n<meta property=\"og:description\" content=\"Burada farkl\u0131 film formatlar\u0131 hakk\u0131nda ba\u015fka alt b\u00f6l\u00fcmler de bulacaks\u0131n\u0131z. &nbsp;\" \/>\n<meta property=\"og:url\" content=\"https:\/\/vision-videoschool.eu\/?page_id=2129\" \/>\n<meta property=\"og:site_name\" content=\"V I S I O N and A N I M A V I S I O N - Video School Online\" \/>\n<meta property=\"article:publisher\" content=\"https:\/\/www.facebook.com\/people\/Vision-video-school-online\/100030695877266\/\" \/>\n<meta property=\"article:modified_time\" content=\"2023-10-27T13:44:04+00:00\" \/>\n<meta property=\"og:image\" content=\"https:\/\/vision-videoschool.eu\/wp-content\/uploads\/2015\/02\/DSC0137.jpg\" \/>\n\t<meta property=\"og:image:width\" content=\"1915\" \/>\n\t<meta property=\"og:image:height\" content=\"1054\" \/>\n\t<meta property=\"og:image:type\" content=\"image\/jpeg\" \/>\n<meta name=\"twitter:card\" content=\"summary_large_image\" \/>\n<meta name=\"twitter:label1\" content=\"Gesch\u00e4tzte Lesezeit\" \/>\n\t<meta name=\"twitter:data1\" content=\"1\u00a0Minute\" \/>\n<script type=\"application\/ld+json\" class=\"yoast-schema-graph\">{\"@context\":\"https:\\\/\\\/schema.org\",\"@graph\":[{\"@type\":\"WebPage\",\"@id\":\"https:\\\/\\\/vision-videoschool.eu\\\/?page_id=2129\",\"url\":\"https:\\\/\\\/vision-videoschool.eu\\\/?page_id=2129\",\"name\":\"\u00c7al\u0131\u015fmaya uygun format belirleme - V I S I O N and A N I M A V I S I O N - Video School Online\",\"isPartOf\":{\"@id\":\"https:\\\/\\\/vision-videoschool.eu\\\/#website\"},\"primaryImageOfPage\":{\"@id\":\"https:\\\/\\\/vision-videoschool.eu\\\/?page_id=2129#primaryimage\"},\"image\":{\"@id\":\"https:\\\/\\\/vision-videoschool.eu\\\/?page_id=2129#primaryimage\"},\"thumbnailUrl\":\"https:\\\/\\\/vision-videoschool.eu\\\/wp-content\\\/uploads\\\/2015\\\/02\\\/DSC0137.jpg\",\"datePublished\":\"2015-04-21T19:55:50+00:00\",\"dateModified\":\"2023-10-27T13:44:04+00:00\",\"breadcrumb\":{\"@id\":\"https:\\\/\\\/vision-videoschool.eu\\\/?page_id=2129#breadcrumb\"},\"inLanguage\":\"de\",\"potentialAction\":[{\"@type\":\"ReadAction\",\"target\":[\"https:\\\/\\\/vision-videoschool.eu\\\/?page_id=2129\"]}]},{\"@type\":\"ImageObject\",\"inLanguage\":\"de\",\"@id\":\"https:\\\/\\\/vision-videoschool.eu\\\/?page_id=2129#primaryimage\",\"url\":\"https:\\\/\\\/vision-videoschool.eu\\\/wp-content\\\/uploads\\\/2015\\\/02\\\/DSC0137.jpg\",\"contentUrl\":\"https:\\\/\\\/vision-videoschool.eu\\\/wp-content\\\/uploads\\\/2015\\\/02\\\/DSC0137.jpg\",\"width\":1915,\"height\":1054},{\"@type\":\"BreadcrumbList\",\"@id\":\"https:\\\/\\\/vision-videoschool.eu\\\/?page_id=2129#breadcrumb\",\"itemListElement\":[{\"@type\":\"ListItem\",\"position\":1,\"name\":\"Home\",\"item\":\"https:\\\/\\\/vision-videoschool.eu\\\/\"},{\"@type\":\"ListItem\",\"position\":2,\"name\":\"Choose your format of expression\",\"item\":\"https:\\\/\\\/vision-videoschool.eu\\\/?page_id=365\"},{\"@type\":\"ListItem\",\"position\":3,\"name\":\"\u00c7al\u0131\u015fmaya uygun format belirleme\"}]},{\"@type\":\"WebSite\",\"@id\":\"https:\\\/\\\/vision-videoschool.eu\\\/#website\",\"url\":\"https:\\\/\\\/vision-videoschool.eu\\\/\",\"name\":\"V I S I O N and A N I M A V I S I O N - Video School Online\",\"description\":\"Informal internet video school for youngsters, youth workers, teachers and others.\",\"publisher\":{\"@id\":\"https:\\\/\\\/vision-videoschool.eu\\\/#organization\"},\"potentialAction\":[{\"@type\":\"SearchAction\",\"target\":{\"@type\":\"EntryPoint\",\"urlTemplate\":\"https:\\\/\\\/vision-videoschool.eu\\\/?s={search_term_string}\"},\"query-input\":{\"@type\":\"PropertyValueSpecification\",\"valueRequired\":true,\"valueName\":\"search_term_string\"}}],\"inLanguage\":\"de\"},{\"@type\":\"Organization\",\"@id\":\"https:\\\/\\\/vision-videoschool.eu\\\/#organization\",\"name\":\"V I S I O N and A N I M A V I S I O N - Video School Online\",\"url\":\"https:\\\/\\\/vision-videoschool.eu\\\/\",\"logo\":{\"@type\":\"ImageObject\",\"inLanguage\":\"de\",\"@id\":\"https:\\\/\\\/vision-videoschool.eu\\\/#\\\/schema\\\/logo\\\/image\\\/\",\"url\":\"https:\\\/\\\/vision-videoschool.eu\\\/wp-content\\\/uploads\\\/2021\\\/04\\\/cropped-AnimaVision_LOGO_2021-Ver011d_24-Bit_1200px_90-2.png\",\"contentUrl\":\"https:\\\/\\\/vision-videoschool.eu\\\/wp-content\\\/uploads\\\/2021\\\/04\\\/cropped-AnimaVision_LOGO_2021-Ver011d_24-Bit_1200px_90-2.png\",\"width\":1220,\"height\":480,\"caption\":\"V I S I O N and A N I M A V I S I O N - Video School Online\"},\"image\":{\"@id\":\"https:\\\/\\\/vision-videoschool.eu\\\/#\\\/schema\\\/logo\\\/image\\\/\"},\"sameAs\":[\"https:\\\/\\\/www.facebook.com\\\/people\\\/Vision-video-school-online\\\/100030695877266\\\/\"]}]}<\/script>\n<!-- \/ Yoast SEO plugin. -->","yoast_head_json":{"title":"\u00c7al\u0131\u015fmaya uygun format belirleme - V I S I O N and A N I M A V I S I O N - Video School Online","robots":{"index":"index","follow":"follow","max-snippet":"max-snippet:-1","max-image-preview":"max-image-preview:large","max-video-preview":"max-video-preview:-1"},"canonical":"https:\/\/vision-videoschool.eu\/?page_id=2129","og_locale":"de_DE","og_type":"article","og_title":"\u00c7al\u0131\u015fmaya uygun format belirleme - V I S I O N and A N I M A V I S I O N - Video School Online","og_description":"Burada farkl\u0131 film formatlar\u0131 hakk\u0131nda ba\u015fka alt b\u00f6l\u00fcmler de bulacaks\u0131n\u0131z. &nbsp;","og_url":"https:\/\/vision-videoschool.eu\/?page_id=2129","og_site_name":"V I S I O N and A N I M A V I S I O N - Video School Online","article_publisher":"https:\/\/www.facebook.com\/people\/Vision-video-school-online\/100030695877266\/","article_modified_time":"2023-10-27T13:44:04+00:00","og_image":[{"width":1915,"height":1054,"url":"https:\/\/vision-videoschool.eu\/wp-content\/uploads\/2015\/02\/DSC0137.jpg","type":"image\/jpeg"}],"twitter_card":"summary_large_image","twitter_misc":{"Gesch\u00e4tzte Lesezeit":"1\u00a0Minute"},"schema":{"@context":"https:\/\/schema.org","@graph":[{"@type":"WebPage","@id":"https:\/\/vision-videoschool.eu\/?page_id=2129","url":"https:\/\/vision-videoschool.eu\/?page_id=2129","name":"\u00c7al\u0131\u015fmaya uygun format belirleme - V I S I O N and A N I M A V I S I O N - Video School Online","isPartOf":{"@id":"https:\/\/vision-videoschool.eu\/#website"},"primaryImageOfPage":{"@id":"https:\/\/vision-videoschool.eu\/?page_id=2129#primaryimage"},"image":{"@id":"https:\/\/vision-videoschool.eu\/?page_id=2129#primaryimage"},"thumbnailUrl":"https:\/\/vision-videoschool.eu\/wp-content\/uploads\/2015\/02\/DSC0137.jpg","datePublished":"2015-04-21T19:55:50+00:00","dateModified":"2023-10-27T13:44:04+00:00","breadcrumb":{"@id":"https:\/\/vision-videoschool.eu\/?page_id=2129#breadcrumb"},"inLanguage":"de","potentialAction":[{"@type":"ReadAction","target":["https:\/\/vision-videoschool.eu\/?page_id=2129"]}]},{"@type":"ImageObject","inLanguage":"de","@id":"https:\/\/vision-videoschool.eu\/?page_id=2129#primaryimage","url":"https:\/\/vision-videoschool.eu\/wp-content\/uploads\/2015\/02\/DSC0137.jpg","contentUrl":"https:\/\/vision-videoschool.eu\/wp-content\/uploads\/2015\/02\/DSC0137.jpg","width":1915,"height":1054},{"@type":"BreadcrumbList","@id":"https:\/\/vision-videoschool.eu\/?page_id=2129#breadcrumb","itemListElement":[{"@type":"ListItem","position":1,"name":"Home","item":"https:\/\/vision-videoschool.eu\/"},{"@type":"ListItem","position":2,"name":"Choose your format of expression","item":"https:\/\/vision-videoschool.eu\/?page_id=365"},{"@type":"ListItem","position":3,"name":"\u00c7al\u0131\u015fmaya uygun format belirleme"}]},{"@type":"WebSite","@id":"https:\/\/vision-videoschool.eu\/#website","url":"https:\/\/vision-videoschool.eu\/","name":"V I S I O N and A N I M A V I S I O N - Video School Online","description":"Informal internet video school for youngsters, youth workers, teachers and others.","publisher":{"@id":"https:\/\/vision-videoschool.eu\/#organization"},"potentialAction":[{"@type":"SearchAction","target":{"@type":"EntryPoint","urlTemplate":"https:\/\/vision-videoschool.eu\/?s={search_term_string}"},"query-input":{"@type":"PropertyValueSpecification","valueRequired":true,"valueName":"search_term_string"}}],"inLanguage":"de"},{"@type":"Organization","@id":"https:\/\/vision-videoschool.eu\/#organization","name":"V I S I O N and A N I M A V I S I O N - Video School Online","url":"https:\/\/vision-videoschool.eu\/","logo":{"@type":"ImageObject","inLanguage":"de","@id":"https:\/\/vision-videoschool.eu\/#\/schema\/logo\/image\/","url":"https:\/\/vision-videoschool.eu\/wp-content\/uploads\/2021\/04\/cropped-AnimaVision_LOGO_2021-Ver011d_24-Bit_1200px_90-2.png","contentUrl":"https:\/\/vision-videoschool.eu\/wp-content\/uploads\/2021\/04\/cropped-AnimaVision_LOGO_2021-Ver011d_24-Bit_1200px_90-2.png","width":1220,"height":480,"caption":"V I S I O N and A N I M A V I S I O N - Video School Online"},"image":{"@id":"https:\/\/vision-videoschool.eu\/#\/schema\/logo\/image\/"},"sameAs":["https:\/\/www.facebook.com\/people\/Vision-video-school-online\/100030695877266\/"]}]}},"rttpg_featured_image_url":{"full":["https:\/\/vision-videoschool.eu\/wp-content\/uploads\/2015\/02\/DSC0137.jpg",1915,1054,false],"landscape":["https:\/\/vision-videoschool.eu\/wp-content\/uploads\/2015\/02\/DSC0137.jpg",1915,1054,false],"portraits":["https:\/\/vision-videoschool.eu\/wp-content\/uploads\/2015\/02\/DSC0137.jpg",1915,1054,false],"thumbnail":["https:\/\/vision-videoschool.eu\/wp-content\/uploads\/2015\/02\/DSC0137-150x150.jpg",150,150,true],"medium":["https:\/\/vision-videoschool.eu\/wp-content\/uploads\/2015\/02\/DSC0137-300x165.jpg",300,165,true],"large":["https:\/\/vision-videoschool.eu\/wp-content\/uploads\/2015\/02\/DSC0137-644x354.jpg",644,354,true],"1536x1536":["https:\/\/vision-videoschool.eu\/wp-content\/uploads\/2015\/02\/DSC0137.jpg",1536,845,false],"2048x2048":["https:\/\/vision-videoschool.eu\/wp-content\/uploads\/2015\/02\/DSC0137.jpg",1915,1054,false],"post-thumbnail":["https:\/\/vision-videoschool.eu\/wp-content\/uploads\/2015\/02\/DSC0137-644x354.jpg",644,354,true],"first-page-thumbnail":["https:\/\/vision-videoschool.eu\/wp-content\/uploads\/2015\/02\/DSC0137-1220x480.jpg",1220,480,true]},"rttpg_author":{"display_name":"vision_team","author_link":"https:\/\/vision-videoschool.eu\/?author=1"},"rttpg_comment":0,"rttpg_category":" <a href=\"https:\/\/vision-videoschool.eu\/?language=tr_tr\" rel=\"tag\">tr_TR<\/a>","rttpg_excerpt":"Burada farkl\u0131 film formatlar\u0131 hakk\u0131nda ba\u015fka alt b\u00f6l\u00fcmler de bulacaks\u0131n\u0131z. &nbsp;","_links":{"self":[{"href":"https:\/\/vision-videoschool.eu\/index.php?rest_route=\/wp\/v2\/pages\/2129","targetHints":{"allow":["GET"]}}],"collection":[{"href":"https:\/\/vision-videoschool.eu\/index.php?rest_route=\/wp\/v2\/pages"}],"about":[{"href":"https:\/\/vision-videoschool.eu\/index.php?rest_route=\/wp\/v2\/types\/page"}],"author":[{"embeddable":true,"href":"https:\/\/vision-videoschool.eu\/index.php?rest_route=\/wp\/v2\/users\/1"}],"replies":[{"embeddable":true,"href":"https:\/\/vision-videoschool.eu\/index.php?rest_route=%2Fwp%2Fv2%2Fcomments&post=2129"}],"version-history":[{"count":8,"href":"https:\/\/vision-videoschool.eu\/index.php?rest_route=\/wp\/v2\/pages\/2129\/revisions"}],"predecessor-version":[{"id":8023,"href":"https:\/\/vision-videoschool.eu\/index.php?rest_route=\/wp\/v2\/pages\/2129\/revisions\/8023"}],"up":[{"embeddable":true,"href":"https:\/\/vision-videoschool.eu\/index.php?rest_route=\/wp\/v2\/pages\/365"}],"wp:featuredmedia":[{"embeddable":true,"href":"https:\/\/vision-videoschool.eu\/index.php?rest_route=\/wp\/v2\/media\/1931"}],"wp:attachment":[{"href":"https:\/\/vision-videoschool.eu\/index.php?rest_route=%2Fwp%2Fv2%2Fmedia&parent=2129"}],"wp:term":[{"taxonomy":"language","embeddable":true,"href":"https:\/\/vision-videoschool.eu\/index.php?rest_route=%2Fwp%2Fv2%2Flanguage&post=2129"}],"curies":[{"name":"wp","href":"https:\/\/api.w.org\/{rel}","templated":true}]}}