{"id":6497,"date":"2022-04-12T14:06:07","date_gmt":"2022-04-12T13:06:07","guid":{"rendered":"https:\/\/vision-videoschool.eu\/?page_id=6497"},"modified":"2023-10-27T14:39:45","modified_gmt":"2023-10-27T13:39:45","slug":"film-yapim-oncesi-ve-sonrasi","status":"publish","type":"page","link":"https:\/\/vision-videoschool.eu\/?page_id=6497","title":{"rendered":"Film yap\u0131m \u00f6ncesi ve sonras\u0131"},"content":{"rendered":"<div class=\"pdfprnt-buttons pdfprnt-buttons-page pdfprnt-top-right\"><a href=\"https:\/\/vision-videoschool.eu\/index.php?rest_route=%2Fwp%2Fv2%2Fpages%2F6497&print=pdf\" class=\"pdfprnt-button pdfprnt-button-pdf\" target=\"_blank\" ><img decoding=\"async\" src=\"https:\/\/vision-videoschool.eu\/wp-content\/plugins\/pdf-print\/images\/pdf.png\" alt=\"image_pdf\" title=\"PDF anzeigen\" \/><\/a><\/div><p>Burada, bir film yap\u0131m\u0131n\u0131n haz\u0131rlanmas\u0131 ve takibine ili\u015fkin ba\u015fka alt b\u00f6l\u00fcmler de bulacaks\u0131n\u0131z.<\/p>\n<p>&nbsp;<\/p>\n<style type='text\/css' media='all'>#rt-tpg-container-772083735 .rt-holder .rt-woo-info .price{color:#f4f4f4;}body .rt-tpg-container .rt-tpg-isotope-buttons .selected,\n\t\t\t\t\t#rt-tpg-container-772083735 .layout12 .rt-holder:hover .rt-detail,\n\t\t\t\t\t#rt-tpg-container-772083735 .isotope8 .rt-holder:hover .rt-detail,\n\t\t\t\t\t#rt-tpg-container-772083735 .carousel8 .rt-holder:hover .rt-detail,\n\t\t\t\t\t#rt-tpg-container-772083735 .layout13 .rt-holder .overlay .post-info,\n\t\t\t\t\t#rt-tpg-container-772083735 .isotope9 .rt-holder .overlay .post-info,\n\t\t\t\t\t#rt-tpg-container-772083735.rt-tpg-container .layout4 .rt-holder .rt-detail,\n\t\t\t\t\t.rt-modal-772083735 .md-content,\n\t\t\t\t\t.rt-modal-772083735 .md-content > .rt-md-content-holder .rt-md-content,\n\t\t\t\t\t.rt-popup-wrap-772083735.rt-popup-wrap .rt-popup-navigation-wrap,\n\t\t\t\t\t#rt-tpg-container-772083735 .carousel9 .rt-holder .overlay .post-info{background-color:#f4f4f4;}#rt-tpg-container-772083735 .layout5 .rt-holder .overlay, #rt-tpg-container-772083735 .isotope2 .rt-holder .overlay, #rt-tpg-container-772083735 .carousel2 .rt-holder .overlay,#rt-tpg-container-772083735 .layout15 .rt-holder h3, #rt-tpg-container-772083735 .isotope11 .rt-holder h3, #rt-tpg-container-772083735 .carousel11 .rt-holder h3, #rt-tpg-container-772083735 .layout16 .rt-holder h3,\n\t\t\t\t\t#rt-tpg-container-772083735 .isotope12 .rt-holder h3, #rt-tpg-container-772083735 .carousel12 .rt-holder h3 {background-color:rgba(244,244,244,0.8);}#rt-tpg-container-772083735 .read-more a{border-radius:px;}#rt-tpg-container-772083735 .rt-img-holder img.rt-img-responsive,#rt-tpg-container-772083735 .rt-img-holder,\n\t\t\t\t\t#rt-tpg-container-772083735 .rt-post-overlay .post-img,\n\t\t\t\t\t#rt-tpg-container-772083735 .post-sm .post-img,\n\t\t\t\t\t#rt-tpg-container-772083735 .rt-post-grid .post-img,\n\t\t\t\t\t#rt-tpg-container-772083735 .post-img img {border-radius:px;}<\/style><div class='rt-container-fluid rt-tpg-container tpg-shortcode-main-wrapper  loading' id='rt-tpg-container-772083735'   data-layout='layout2' data-grid-style='even' data-desktop-col='1'  data-tab-col='1'  data-mobile-col='1' data-sc-id='6451'><div id=\"bottom-script-loader\" class=\"bottom-script-loader\"><div class=\"rt-ball-clip-rotate\"><div><\/div><\/div><\/div><div data-title='Loading ...' class='rt-row rt-content-loader   layout2 tpg-even '><div class=\"rt-col-md-12 rt-col-sm-12 rt-col-xs-12 even-grid-item rt-grid-item img_zoom_in\" data-id=\"1298\"><div class=\"rt-holder\"><div class=\"rt-row\"><div class='rt-col-sm-6 rt-col-xs-12 '><div class=\"rt-img-holder\"><a data-id='1298' class='' href='https:\/\/vision-videoschool.eu\/?page_id=1298'><img loading=\"lazy\" decoding=\"async\" width=\"644\" height=\"363\" src=\"https:\/\/vision-videoschool.eu\/wp-content\/uploads\/2015\/02\/DSC_0480-mala-e1649764542765-644x363.jpg\" class=\"rt-img-responsive \" alt=\"\" \/><\/a><\/div><\/div><div class='rt-col-sm-6 rt-col-xs-12 '><div class='rt-detail'><h3 class=\"entry-title\"><a data-id=\"1298\" class=\"\" href=\"https:\/\/vision-videoschool.eu\/?page_id=1298\">\u00d6zet, senaryo, hikaye ve \u00e7ekim takvimini yazma<\/a><\/h3><div class='tpg-excerpt'>Giris Filmlerden belgesellere, tv \u015fovlar\u0131ndan k\u0131sa filmlere t\u00fcm programlarda bir konu anlat\u0131l\u0131r. Bu b\u00f6l\u00fcmde bir konu yazmak ve bir komut dosyas\u0131 veya bir film \u015feridi video projesi-t\u00fcm iyi film yap\u0131mlar\u0131 temeli geli\u015ftirmek \u00f6\u011freneceksiniz. Ayr\u0131ca \u00e7ekim...<\/div><span class='read-more '><a data-id='1298' class='' href='https:\/\/vision-videoschool.eu\/?page_id=1298'>Okumaya devam et<\/a><\/span><\/div><\/div><\/div><\/div><\/div><div class=\"rt-col-md-12 rt-col-sm-12 rt-col-xs-12 even-grid-item rt-grid-item img_zoom_in\" data-id=\"170\"><div class=\"rt-holder\"><div class=\"rt-row\"><div class='rt-col-sm-6 rt-col-xs-12 '><div class=\"rt-img-holder\"><a data-id='170' class='' href='https:\/\/vision-videoschool.eu\/?page_id=170'><img loading=\"lazy\" decoding=\"async\" width=\"644\" height=\"362\" src=\"https:\/\/vision-videoschool.eu\/wp-content\/uploads\/2015\/03\/DSC_0486-e1649765088329-644x362.jpg\" class=\"rt-img-responsive \" alt=\"\" \/><\/a><\/div><\/div><div class='rt-col-sm-6 rt-col-xs-12 '><div class='rt-detail'><h3 class=\"entry-title\"><a data-id=\"170\" class=\"\" href=\"https:\/\/vision-videoschool.eu\/?page_id=170\">Ses ve m\u00fczik efektleri<\/a><\/h3><div class='tpg-excerpt'>&nbsp; Giri\u015f Bu b\u00f6l\u00fcmde videolar\u0131n\u0131zda kullanmak i\u00e7in nas\u0131l ses dosyalar\u0131 olu\u015fturaca\u011f\u0131n\u0131z\u0131 \u00f6\u011freneceksiniz. Ayr\u0131ca hangi t\u00fcr ekipmanlar kullanaca\u011f\u0131n\u0131z hakk\u0131nda ve kay\u0131t esnas\u0131nda yap\u0131lacak baz\u0131 p\u00fcf noktalar\u0131 \u00f6\u011freneceksiniz. \u00a0 \u00a0Vision in action \u00a0...<\/div><span class='read-more '><a data-id='170' class='' href='https:\/\/vision-videoschool.eu\/?page_id=170'>Okumaya devam et<\/a><\/span><\/div><\/div><\/div><\/div><\/div><div class=\"rt-col-md-12 rt-col-sm-12 rt-col-xs-12 even-grid-item rt-grid-item img_zoom_in\" data-id=\"2913\"><div class=\"rt-holder\"><div class=\"rt-row\"><div class='rt-col-sm-6 rt-col-xs-12 '><div class=\"rt-img-holder\"><a data-id='2913' class='' href='https:\/\/vision-videoschool.eu\/?page_id=2913'><img loading=\"lazy\" decoding=\"async\" width=\"644\" height=\"362\" src=\"https:\/\/vision-videoschool.eu\/wp-content\/uploads\/2015\/02\/DSC_0478-e1649764487636-644x362.jpg\" class=\"rt-img-responsive \" alt=\"\" \/><\/a><\/div><\/div><div class='rt-col-sm-6 rt-col-xs-12 '><div class='rt-detail'><h3 class=\"entry-title\"><a data-id=\"2913\" class=\"\" href=\"https:\/\/vision-videoschool.eu\/?page_id=2913\">Film d\u00fczenleme<\/a><\/h3><div class='tpg-excerpt'>Giri\u015f Film bitti\u011finde, malzeme d\u00fczenlemek i\u00e7in zaman\u0131d\u0131r. Proje ve filme ayg\u0131tlar\u0131n\u0131z\u0131n ba\u011fl\u0131 olarak, bir d\u00fczenleme program\u0131 kullanarak bilgisayar\u0131n\u0131z\u0131 veya tablet veya hatta bir ak\u0131ll\u0131 telefon ile video d\u00fczenleyebilirsiniz. Rahat video d\u00fczenleme...<\/div><span class='read-more '><a data-id='2913' class='' href='https:\/\/vision-videoschool.eu\/?page_id=2913'>Okumaya devam et<\/a><\/span><\/div><\/div><\/div><\/div><\/div><div class=\"rt-col-md-12 rt-col-sm-12 rt-col-xs-12 even-grid-item rt-grid-item img_zoom_in\" data-id=\"911\"><div class=\"rt-holder\"><div class=\"rt-row\"><div class='rt-col-sm-6 rt-col-xs-12 '><div class=\"rt-img-holder\"><a data-id='911' class='' href='https:\/\/vision-videoschool.eu\/?page_id=911'><img loading=\"lazy\" decoding=\"async\" width=\"644\" height=\"362\" src=\"https:\/\/vision-videoschool.eu\/wp-content\/uploads\/2015\/03\/DSC_0451-e1649765186597-644x362.jpg\" class=\"rt-img-responsive \" alt=\"\" \/><\/a><\/div><\/div><div class='rt-col-sm-6 rt-col-xs-12 '><div class='rt-detail'><h3 class=\"entry-title\"><a data-id=\"911\" class=\"\" href=\"https:\/\/vision-videoschool.eu\/?page_id=911\">Video \u00e7al\u0131\u015fmalar\u0131n\u0131 destekleyen \u00fccretsiz internet ara\u00e7lar\u0131<\/a><\/h3><div class='tpg-excerpt'>Giri\u015f Video \u00e7al\u0131\u015fmalar\u0131n\u0131z\u0131 y\u00fcr\u00fctmek i\u00e7in internetten bir\u00e7ok kaynak bulabilirsiniz. \u0130nternet ortam\u0131nda tamamen \u00fccretsiz olan resim ve video tasar\u0131m\u0131 yapan, ses efektleri yapan bir\u00e7ok programlar vard\u0131r. \u00dccretsiz olmas\u0131na ra\u011fmen kulland\u0131\u011f\u0131n\u0131z...<\/div><span class='read-more '><a data-id='911' class='' href='https:\/\/vision-videoschool.eu\/?page_id=911'>Okumaya devam et<\/a><\/span><\/div><\/div><\/div><\/div><\/div><div class=\"rt-col-md-12 rt-col-sm-12 rt-col-xs-12 even-grid-item rt-grid-item img_zoom_in\" data-id=\"3451\"><div class=\"rt-holder\"><div class=\"rt-row\"><div class='rt-col-sm-6 rt-col-xs-12 '><div class=\"rt-img-holder\"><a data-id='3451' class='' href='https:\/\/vision-videoschool.eu\/?page_id=3451'><img loading=\"lazy\" decoding=\"async\" width=\"644\" height=\"362\" src=\"https:\/\/vision-videoschool.eu\/wp-content\/uploads\/2015\/06\/DSC_0296-e1649764134740-644x362.jpg\" class=\"rt-img-responsive \" alt=\"\" \/><\/a><\/div><\/div><div class='rt-col-sm-6 rt-col-xs-12 '><div class='rt-detail'><h3 class=\"entry-title\"><a data-id=\"3451\" class=\"\" href=\"https:\/\/vision-videoschool.eu\/?page_id=3451\">Disk yap\u0131m\u0131, ar\u015fivleme ve video platformlar\u0131na y\u00fckleme<\/a><\/h3><div class='tpg-excerpt'>Giri\u015f Filminiz bitti. Harika. Ya \u015fimdi? Hala yapacak birka\u00e7 i\u015f var, bunlar\u0131n ne oldu\u011funu tam olarak bilmelisiniz, \u00e7al\u0131\u015fman\u0131z\u0131 birileri ile payla\u015fmal\u0131 ve problem var m\u0131 diye \u00f6\u011frenmelisiniz. Bu b\u00f6l\u00fcm projenizi ar\u015fivlemek \u00fczerinedir. Ayr\u0131ca sizlere...<\/div><span class='read-more '><a data-id='3451' class='' href='https:\/\/vision-videoschool.eu\/?page_id=3451'>Okumaya devam et<\/a><\/span><\/div><\/div><\/div><\/div><\/div><\/div><\/div>\n<p>&nbsp;<\/p>\n","protected":false},"excerpt":{"rendered":"<p>Burada, bir film yap\u0131m\u0131n\u0131n haz\u0131rlanmas\u0131 ve takibine ili\u015fkin ba\u015fka alt b\u00f6l\u00fcmler de bulacaks\u0131n\u0131z. &nbsp; &nbsp;<\/p>\n","protected":false},"author":1,"featured_media":1944,"parent":0,"menu_order":330,"comment_status":"closed","ping_status":"closed","template":"page_fullwidth.php","meta":{"footnotes":""},"language":[6],"class_list":["post-6497","page","type-page","status-publish","has-post-thumbnail","hentry","language-tr_tr"],"yoast_head":"<!-- This site is optimized with the Yoast SEO plugin v27.6 - https:\/\/yoast.com\/product\/yoast-seo-wordpress\/ -->\n<title>Film yap\u0131m \u00f6ncesi ve sonras\u0131 - V I S I O N and A N I M A V I S I O N - Video School Online<\/title>\n<meta name=\"robots\" content=\"index, follow, max-snippet:-1, max-image-preview:large, max-video-preview:-1\" \/>\n<link rel=\"canonical\" href=\"https:\/\/vision-videoschool.eu\/?page_id=6497\" \/>\n<meta property=\"og:locale\" content=\"de_DE\" \/>\n<meta property=\"og:type\" content=\"article\" \/>\n<meta property=\"og:title\" content=\"Film yap\u0131m \u00f6ncesi ve sonras\u0131 - V I S I O N and A N I M A V I S I O N - Video School Online\" \/>\n<meta property=\"og:description\" content=\"Burada, bir film yap\u0131m\u0131n\u0131n haz\u0131rlanmas\u0131 ve takibine ili\u015fkin ba\u015fka alt b\u00f6l\u00fcmler de bulacaks\u0131n\u0131z. &nbsp; &nbsp;\" \/>\n<meta property=\"og:url\" content=\"https:\/\/vision-videoschool.eu\/?page_id=6497\" \/>\n<meta property=\"og:site_name\" content=\"V I S I O N and A N I M A V I S I O N - Video School Online\" \/>\n<meta property=\"article:publisher\" content=\"https:\/\/www.facebook.com\/people\/Vision-video-school-online\/100030695877266\/\" \/>\n<meta property=\"article:modified_time\" content=\"2023-10-27T13:39:45+00:00\" \/>\n<meta property=\"og:image\" content=\"https:\/\/vision-videoschool.eu\/wp-content\/uploads\/2015\/02\/DSC_0480-mala-e1649764542765.jpg\" \/>\n\t<meta property=\"og:image:width\" content=\"1231\" \/>\n\t<meta property=\"og:image:height\" content=\"693\" \/>\n\t<meta property=\"og:image:type\" content=\"image\/jpeg\" \/>\n<meta name=\"twitter:card\" content=\"summary_large_image\" \/>\n<meta name=\"twitter:label1\" content=\"Gesch\u00e4tzte Lesezeit\" \/>\n\t<meta name=\"twitter:data1\" content=\"1\u00a0Minute\" \/>\n<script type=\"application\/ld+json\" class=\"yoast-schema-graph\">{\"@context\":\"https:\\\/\\\/schema.org\",\"@graph\":[{\"@type\":\"WebPage\",\"@id\":\"https:\\\/\\\/vision-videoschool.eu\\\/?page_id=6497\",\"url\":\"https:\\\/\\\/vision-videoschool.eu\\\/?page_id=6497\",\"name\":\"Film yap\u0131m \u00f6ncesi ve sonras\u0131 - V I S I O N and A N I M A V I S I O N - Video School Online\",\"isPartOf\":{\"@id\":\"https:\\\/\\\/vision-videoschool.eu\\\/#website\"},\"primaryImageOfPage\":{\"@id\":\"https:\\\/\\\/vision-videoschool.eu\\\/?page_id=6497#primaryimage\"},\"image\":{\"@id\":\"https:\\\/\\\/vision-videoschool.eu\\\/?page_id=6497#primaryimage\"},\"thumbnailUrl\":\"https:\\\/\\\/vision-videoschool.eu\\\/wp-content\\\/uploads\\\/2015\\\/02\\\/DSC_0480-mala-e1649764542765.jpg\",\"datePublished\":\"2022-04-12T13:06:07+00:00\",\"dateModified\":\"2023-10-27T13:39:45+00:00\",\"breadcrumb\":{\"@id\":\"https:\\\/\\\/vision-videoschool.eu\\\/?page_id=6497#breadcrumb\"},\"inLanguage\":\"de\",\"potentialAction\":[{\"@type\":\"ReadAction\",\"target\":[\"https:\\\/\\\/vision-videoschool.eu\\\/?page_id=6497\"]}]},{\"@type\":\"ImageObject\",\"inLanguage\":\"de\",\"@id\":\"https:\\\/\\\/vision-videoschool.eu\\\/?page_id=6497#primaryimage\",\"url\":\"https:\\\/\\\/vision-videoschool.eu\\\/wp-content\\\/uploads\\\/2015\\\/02\\\/DSC_0480-mala-e1649764542765.jpg\",\"contentUrl\":\"https:\\\/\\\/vision-videoschool.eu\\\/wp-content\\\/uploads\\\/2015\\\/02\\\/DSC_0480-mala-e1649764542765.jpg\",\"width\":1231,\"height\":693},{\"@type\":\"BreadcrumbList\",\"@id\":\"https:\\\/\\\/vision-videoschool.eu\\\/?page_id=6497#breadcrumb\",\"itemListElement\":[{\"@type\":\"ListItem\",\"position\":1,\"name\":\"Home\",\"item\":\"https:\\\/\\\/vision-videoschool.eu\\\/\"},{\"@type\":\"ListItem\",\"position\":2,\"name\":\"Film yap\u0131m \u00f6ncesi ve sonras\u0131\"}]},{\"@type\":\"WebSite\",\"@id\":\"https:\\\/\\\/vision-videoschool.eu\\\/#website\",\"url\":\"https:\\\/\\\/vision-videoschool.eu\\\/\",\"name\":\"V I S I O N and A N I M A V I S I O N - Video School Online\",\"description\":\"Informal internet video school for youngsters, youth workers, teachers and others.\",\"publisher\":{\"@id\":\"https:\\\/\\\/vision-videoschool.eu\\\/#organization\"},\"potentialAction\":[{\"@type\":\"SearchAction\",\"target\":{\"@type\":\"EntryPoint\",\"urlTemplate\":\"https:\\\/\\\/vision-videoschool.eu\\\/?s={search_term_string}\"},\"query-input\":{\"@type\":\"PropertyValueSpecification\",\"valueRequired\":true,\"valueName\":\"search_term_string\"}}],\"inLanguage\":\"de\"},{\"@type\":\"Organization\",\"@id\":\"https:\\\/\\\/vision-videoschool.eu\\\/#organization\",\"name\":\"V I S I O N and A N I M A V I S I O N - Video School Online\",\"url\":\"https:\\\/\\\/vision-videoschool.eu\\\/\",\"logo\":{\"@type\":\"ImageObject\",\"inLanguage\":\"de\",\"@id\":\"https:\\\/\\\/vision-videoschool.eu\\\/#\\\/schema\\\/logo\\\/image\\\/\",\"url\":\"https:\\\/\\\/vision-videoschool.eu\\\/wp-content\\\/uploads\\\/2021\\\/04\\\/cropped-AnimaVision_LOGO_2021-Ver011d_24-Bit_1200px_90-2.png\",\"contentUrl\":\"https:\\\/\\\/vision-videoschool.eu\\\/wp-content\\\/uploads\\\/2021\\\/04\\\/cropped-AnimaVision_LOGO_2021-Ver011d_24-Bit_1200px_90-2.png\",\"width\":1220,\"height\":480,\"caption\":\"V I S I O N and A N I M A V I S I O N - Video School Online\"},\"image\":{\"@id\":\"https:\\\/\\\/vision-videoschool.eu\\\/#\\\/schema\\\/logo\\\/image\\\/\"},\"sameAs\":[\"https:\\\/\\\/www.facebook.com\\\/people\\\/Vision-video-school-online\\\/100030695877266\\\/\"]}]}<\/script>\n<!-- \/ Yoast SEO plugin. -->","yoast_head_json":{"title":"Film yap\u0131m \u00f6ncesi ve sonras\u0131 - V I S I O N and A N I M A V I S I O N - Video School Online","robots":{"index":"index","follow":"follow","max-snippet":"max-snippet:-1","max-image-preview":"max-image-preview:large","max-video-preview":"max-video-preview:-1"},"canonical":"https:\/\/vision-videoschool.eu\/?page_id=6497","og_locale":"de_DE","og_type":"article","og_title":"Film yap\u0131m \u00f6ncesi ve sonras\u0131 - V I S I O N and A N I M A V I S I O N - Video School Online","og_description":"Burada, bir film yap\u0131m\u0131n\u0131n haz\u0131rlanmas\u0131 ve takibine ili\u015fkin ba\u015fka alt b\u00f6l\u00fcmler de bulacaks\u0131n\u0131z. &nbsp; &nbsp;","og_url":"https:\/\/vision-videoschool.eu\/?page_id=6497","og_site_name":"V I S I O N and A N I M A V I S I O N - Video School Online","article_publisher":"https:\/\/www.facebook.com\/people\/Vision-video-school-online\/100030695877266\/","article_modified_time":"2023-10-27T13:39:45+00:00","og_image":[{"width":1231,"height":693,"url":"https:\/\/vision-videoschool.eu\/wp-content\/uploads\/2015\/02\/DSC_0480-mala-e1649764542765.jpg","type":"image\/jpeg"}],"twitter_card":"summary_large_image","twitter_misc":{"Gesch\u00e4tzte Lesezeit":"1\u00a0Minute"},"schema":{"@context":"https:\/\/schema.org","@graph":[{"@type":"WebPage","@id":"https:\/\/vision-videoschool.eu\/?page_id=6497","url":"https:\/\/vision-videoschool.eu\/?page_id=6497","name":"Film yap\u0131m \u00f6ncesi ve sonras\u0131 - V I S I O N and A N I M A V I S I O N - Video School Online","isPartOf":{"@id":"https:\/\/vision-videoschool.eu\/#website"},"primaryImageOfPage":{"@id":"https:\/\/vision-videoschool.eu\/?page_id=6497#primaryimage"},"image":{"@id":"https:\/\/vision-videoschool.eu\/?page_id=6497#primaryimage"},"thumbnailUrl":"https:\/\/vision-videoschool.eu\/wp-content\/uploads\/2015\/02\/DSC_0480-mala-e1649764542765.jpg","datePublished":"2022-04-12T13:06:07+00:00","dateModified":"2023-10-27T13:39:45+00:00","breadcrumb":{"@id":"https:\/\/vision-videoschool.eu\/?page_id=6497#breadcrumb"},"inLanguage":"de","potentialAction":[{"@type":"ReadAction","target":["https:\/\/vision-videoschool.eu\/?page_id=6497"]}]},{"@type":"ImageObject","inLanguage":"de","@id":"https:\/\/vision-videoschool.eu\/?page_id=6497#primaryimage","url":"https:\/\/vision-videoschool.eu\/wp-content\/uploads\/2015\/02\/DSC_0480-mala-e1649764542765.jpg","contentUrl":"https:\/\/vision-videoschool.eu\/wp-content\/uploads\/2015\/02\/DSC_0480-mala-e1649764542765.jpg","width":1231,"height":693},{"@type":"BreadcrumbList","@id":"https:\/\/vision-videoschool.eu\/?page_id=6497#breadcrumb","itemListElement":[{"@type":"ListItem","position":1,"name":"Home","item":"https:\/\/vision-videoschool.eu\/"},{"@type":"ListItem","position":2,"name":"Film yap\u0131m \u00f6ncesi ve sonras\u0131"}]},{"@type":"WebSite","@id":"https:\/\/vision-videoschool.eu\/#website","url":"https:\/\/vision-videoschool.eu\/","name":"V I S I O N and A N I M A V I S I O N - Video School Online","description":"Informal internet video school for youngsters, youth workers, teachers and others.","publisher":{"@id":"https:\/\/vision-videoschool.eu\/#organization"},"potentialAction":[{"@type":"SearchAction","target":{"@type":"EntryPoint","urlTemplate":"https:\/\/vision-videoschool.eu\/?s={search_term_string}"},"query-input":{"@type":"PropertyValueSpecification","valueRequired":true,"valueName":"search_term_string"}}],"inLanguage":"de"},{"@type":"Organization","@id":"https:\/\/vision-videoschool.eu\/#organization","name":"V I S I O N and A N I M A V I S I O N - Video School Online","url":"https:\/\/vision-videoschool.eu\/","logo":{"@type":"ImageObject","inLanguage":"de","@id":"https:\/\/vision-videoschool.eu\/#\/schema\/logo\/image\/","url":"https:\/\/vision-videoschool.eu\/wp-content\/uploads\/2021\/04\/cropped-AnimaVision_LOGO_2021-Ver011d_24-Bit_1200px_90-2.png","contentUrl":"https:\/\/vision-videoschool.eu\/wp-content\/uploads\/2021\/04\/cropped-AnimaVision_LOGO_2021-Ver011d_24-Bit_1200px_90-2.png","width":1220,"height":480,"caption":"V I S I O N and A N I M A V I S I O N - Video School Online"},"image":{"@id":"https:\/\/vision-videoschool.eu\/#\/schema\/logo\/image\/"},"sameAs":["https:\/\/www.facebook.com\/people\/Vision-video-school-online\/100030695877266\/"]}]}},"rttpg_featured_image_url":{"full":["https:\/\/vision-videoschool.eu\/wp-content\/uploads\/2015\/02\/DSC_0480-mala-e1649764542765.jpg",1231,693,false],"landscape":["https:\/\/vision-videoschool.eu\/wp-content\/uploads\/2015\/02\/DSC_0480-mala-e1649764542765.jpg",1231,693,false],"portraits":["https:\/\/vision-videoschool.eu\/wp-content\/uploads\/2015\/02\/DSC_0480-mala-e1649764542765.jpg",1231,693,false],"thumbnail":["https:\/\/vision-videoschool.eu\/wp-content\/uploads\/2015\/02\/DSC_0480-mala-e1649764542765-150x150.jpg",150,150,true],"medium":["https:\/\/vision-videoschool.eu\/wp-content\/uploads\/2015\/02\/DSC_0480-mala-e1649764542765-300x169.jpg",300,169,true],"large":["https:\/\/vision-videoschool.eu\/wp-content\/uploads\/2015\/02\/DSC_0480-mala-e1649764542765-644x363.jpg",644,363,true],"1536x1536":["https:\/\/vision-videoschool.eu\/wp-content\/uploads\/2015\/02\/DSC_0480-mala-e1649764542765.jpg",1231,693,false],"2048x2048":["https:\/\/vision-videoschool.eu\/wp-content\/uploads\/2015\/02\/DSC_0480-mala-e1649764542765.jpg",1231,693,false],"post-thumbnail":["https:\/\/vision-videoschool.eu\/wp-content\/uploads\/2015\/02\/DSC_0480-mala-e1649764542765-644x363.jpg",644,363,true],"first-page-thumbnail":["https:\/\/vision-videoschool.eu\/wp-content\/uploads\/2015\/02\/DSC_0480-mala-e1649764542765-1220x480.jpg",1220,480,true]},"rttpg_author":{"display_name":"vision_team","author_link":"https:\/\/vision-videoschool.eu\/?author=1"},"rttpg_comment":0,"rttpg_category":" <a href=\"https:\/\/vision-videoschool.eu\/?language=tr_tr\" rel=\"tag\">tr_TR<\/a>","rttpg_excerpt":"Burada, bir film yap\u0131m\u0131n\u0131n haz\u0131rlanmas\u0131 ve takibine ili\u015fkin ba\u015fka alt b\u00f6l\u00fcmler de bulacaks\u0131n\u0131z. &nbsp; &nbsp;","_links":{"self":[{"href":"https:\/\/vision-videoschool.eu\/index.php?rest_route=\/wp\/v2\/pages\/6497","targetHints":{"allow":["GET"]}}],"collection":[{"href":"https:\/\/vision-videoschool.eu\/index.php?rest_route=\/wp\/v2\/pages"}],"about":[{"href":"https:\/\/vision-videoschool.eu\/index.php?rest_route=\/wp\/v2\/types\/page"}],"author":[{"embeddable":true,"href":"https:\/\/vision-videoschool.eu\/index.php?rest_route=\/wp\/v2\/users\/1"}],"replies":[{"embeddable":true,"href":"https:\/\/vision-videoschool.eu\/index.php?rest_route=%2Fwp%2Fv2%2Fcomments&post=6497"}],"version-history":[{"count":4,"href":"https:\/\/vision-videoschool.eu\/index.php?rest_route=\/wp\/v2\/pages\/6497\/revisions"}],"predecessor-version":[{"id":8018,"href":"https:\/\/vision-videoschool.eu\/index.php?rest_route=\/wp\/v2\/pages\/6497\/revisions\/8018"}],"wp:featuredmedia":[{"embeddable":true,"href":"https:\/\/vision-videoschool.eu\/index.php?rest_route=\/wp\/v2\/media\/1944"}],"wp:attachment":[{"href":"https:\/\/vision-videoschool.eu\/index.php?rest_route=%2Fwp%2Fv2%2Fmedia&parent=6497"}],"wp:term":[{"taxonomy":"language","embeddable":true,"href":"https:\/\/vision-videoschool.eu\/index.php?rest_route=%2Fwp%2Fv2%2Flanguage&post=6497"}],"curies":[{"name":"wp","href":"https:\/\/api.w.org\/{rel}","templated":true}]}}