{"id":6513,"date":"2022-04-12T14:28:23","date_gmt":"2022-04-12T13:28:23","guid":{"rendered":"https:\/\/vision-videoschool.eu\/?page_id=6513"},"modified":"2023-10-27T14:34:11","modified_gmt":"2023-10-27T13:34:11","slug":"please-translate-in-de_de-choose-your-format-of-expression","status":"publish","type":"page","link":"https:\/\/vision-videoschool.eu\/?page_id=6513","title":{"rendered":"W\u00e4hle Dein Format"},"content":{"rendered":"<div class=\"pdfprnt-buttons pdfprnt-buttons-page pdfprnt-top-right\"><a href=\"https:\/\/vision-videoschool.eu\/index.php?rest_route=%2Fwp%2Fv2%2Fpages%2F6513&print=pdf\" class=\"pdfprnt-button pdfprnt-button-pdf\" target=\"_blank\" ><img decoding=\"async\" src=\"https:\/\/vision-videoschool.eu\/wp-content\/plugins\/pdf-print\/images\/pdf.png\" alt=\"image_pdf\" title=\"PDF anzeigen\" \/><\/a><\/div><p>Hier finden Sie weitere Unterkapitel zu verschiedenen Filmformaten.<\/p>\n<p>&nbsp;<\/p>\n<p>&nbsp;<\/p>\n<style type='text\/css' media='all'>#rt-tpg-container-2679187810 .rt-holder .rt-woo-info .price{color:#f4f4f4;}body .rt-tpg-container .rt-tpg-isotope-buttons .selected,\n\t\t\t\t\t#rt-tpg-container-2679187810 .layout12 .rt-holder:hover .rt-detail,\n\t\t\t\t\t#rt-tpg-container-2679187810 .isotope8 .rt-holder:hover .rt-detail,\n\t\t\t\t\t#rt-tpg-container-2679187810 .carousel8 .rt-holder:hover .rt-detail,\n\t\t\t\t\t#rt-tpg-container-2679187810 .layout13 .rt-holder .overlay .post-info,\n\t\t\t\t\t#rt-tpg-container-2679187810 .isotope9 .rt-holder .overlay .post-info,\n\t\t\t\t\t#rt-tpg-container-2679187810.rt-tpg-container .layout4 .rt-holder .rt-detail,\n\t\t\t\t\t.rt-modal-2679187810 .md-content,\n\t\t\t\t\t.rt-modal-2679187810 .md-content > .rt-md-content-holder .rt-md-content,\n\t\t\t\t\t.rt-popup-wrap-2679187810.rt-popup-wrap .rt-popup-navigation-wrap,\n\t\t\t\t\t#rt-tpg-container-2679187810 .carousel9 .rt-holder .overlay .post-info{background-color:#f4f4f4;}#rt-tpg-container-2679187810 .layout5 .rt-holder .overlay, #rt-tpg-container-2679187810 .isotope2 .rt-holder .overlay, #rt-tpg-container-2679187810 .carousel2 .rt-holder .overlay,#rt-tpg-container-2679187810 .layout15 .rt-holder h3, #rt-tpg-container-2679187810 .isotope11 .rt-holder h3, #rt-tpg-container-2679187810 .carousel11 .rt-holder h3, #rt-tpg-container-2679187810 .layout16 .rt-holder h3,\n\t\t\t\t\t#rt-tpg-container-2679187810 .isotope12 .rt-holder h3, #rt-tpg-container-2679187810 .carousel12 .rt-holder h3 {background-color:rgba(244,244,244,0.8);}#rt-tpg-container-2679187810 .read-more a{border-radius:px;}#rt-tpg-container-2679187810 .rt-img-holder img.rt-img-responsive,#rt-tpg-container-2679187810 .rt-img-holder,\n\t\t\t\t\t#rt-tpg-container-2679187810 .rt-post-overlay .post-img,\n\t\t\t\t\t#rt-tpg-container-2679187810 .post-sm .post-img,\n\t\t\t\t\t#rt-tpg-container-2679187810 .rt-post-grid .post-img,\n\t\t\t\t\t#rt-tpg-container-2679187810 .post-img img {border-radius:px;}<\/style><div class='rt-container-fluid rt-tpg-container tpg-shortcode-main-wrapper  loading' id='rt-tpg-container-2679187810'   data-layout='layout2' data-grid-style='even' data-desktop-col='1'  data-tab-col='1'  data-mobile-col='1' data-sc-id='6419'><div id=\"bottom-script-loader\" class=\"bottom-script-loader\"><div class=\"rt-ball-clip-rotate\"><div><\/div><\/div><\/div><div data-title='Loading ...' class='rt-row rt-content-loader   layout2 tpg-even '><div class=\"rt-col-md-12 rt-col-sm-12 rt-col-xs-12 even-grid-item rt-grid-item img_zoom_in\" data-id=\"188\"><div class=\"rt-holder\"><div class=\"rt-row\"><div class='rt-col-sm-6 rt-col-xs-12 '><div class=\"rt-img-holder\"><a data-id='188' class='' href='https:\/\/vision-videoschool.eu\/?page_id=188'><img loading=\"lazy\" decoding=\"async\" width=\"644\" height=\"354\" src=\"https:\/\/vision-videoschool.eu\/wp-content\/uploads\/2015\/02\/DSC0137-644x354.jpg\" class=\"rt-img-responsive \" alt=\"\" \/><\/a><\/div><\/div><div class='rt-col-sm-6 rt-col-xs-12 '><div class='rt-detail'><h3 class=\"entry-title\"><a data-id=\"188\" class=\"\" href=\"https:\/\/vision-videoschool.eu\/?page_id=188\">Ein Interview produzieren<\/a><\/h3><div class='tpg-excerpt'>Einf\u00fchrung In diesem Kapitel kannst Du lernen, wie Du Dich auf ein Interview vorbereitst\u00a0und wie man es am besten filmt, entweder f\u00fcr einen Beitrag, der nur aus einem Interview besteht oder f\u00fcr Interviews die Teil eines gr\u00f6\u00dferen Beitrags sind (z.B...<\/div><span class='read-more '><a data-id='188' class='' href='https:\/\/vision-videoschool.eu\/?page_id=188'>Weiterlesen<\/a><\/span><\/div><\/div><\/div><\/div><\/div><div class=\"rt-col-md-12 rt-col-sm-12 rt-col-xs-12 even-grid-item rt-grid-item img_zoom_in\" data-id=\"889\"><div class=\"rt-holder\"><div class=\"rt-row\"><div class='rt-col-sm-6 rt-col-xs-12 '><div class=\"rt-img-holder\"><a data-id='889' class='' href='https:\/\/vision-videoschool.eu\/?page_id=889'><img loading=\"lazy\" decoding=\"async\" width=\"644\" height=\"430\" src=\"https:\/\/vision-videoschool.eu\/wp-content\/uploads\/2015\/02\/About-the-project-3-644x430.jpg\" class=\"rt-img-responsive \" alt=\"\" \/><\/a><\/div><\/div><div class='rt-col-sm-6 rt-col-xs-12 '><div class='rt-detail'><h3 class=\"entry-title\"><a data-id=\"889\" class=\"\" href=\"https:\/\/vision-videoschool.eu\/?page_id=889\">Produktion von Fernsehnachrichten oder einer Reportage<\/a><\/h3><div class='tpg-excerpt'>Einf\u00fchrung Nachrichtenbeitr\u00e4ge und Reportagen sind Videoformate, die f\u00fcr das Fernsehen entwickelt wurden. Sie unterscheiden sich je nach Fernsehsender und entwickeln sich stets weiter. Der Stil h\u00e4ngt von den Eigentumsverh\u00e4ltnissen beim Sender (privat...<\/div><span class='read-more '><a data-id='889' class='' href='https:\/\/vision-videoschool.eu\/?page_id=889'>Weiterlesen<\/a><\/span><\/div><\/div><\/div><\/div><\/div><div class=\"rt-col-md-12 rt-col-sm-12 rt-col-xs-12 even-grid-item rt-grid-item img_zoom_in\" data-id=\"166\"><div class=\"rt-holder\"><div class=\"rt-row\"><div class='rt-col-sm-6 rt-col-xs-12 '><div class=\"rt-img-holder\"><a data-id='166' class='' href='https:\/\/vision-videoschool.eu\/?page_id=166'><img loading=\"lazy\" decoding=\"async\" width=\"644\" height=\"362\" src=\"https:\/\/vision-videoschool.eu\/wp-content\/uploads\/2015\/03\/DSC_1865-e1649763580789-644x362.jpg\" class=\"rt-img-responsive \" alt=\"\" \/><\/a><\/div><\/div><div class='rt-col-sm-6 rt-col-xs-12 '><div class='rt-detail'><h3 class=\"entry-title\"><a data-id=\"166\" class=\"\" href=\"https:\/\/vision-videoschool.eu\/?page_id=166\">Einen Dokumentarfilm produzieren<\/a><\/h3><div class='tpg-excerpt'>Einleitung Dokumentationen pr\u00e4sentieren reale Situationen und Menschen \u00fcberzeugender als Spielfilme. Dennoch erfordert die Produktion einer Dokumentation, wie auch jene eines Spielfilms, einen komplexen und von hoher Kreativit\u00e4t gepr\u00e4gten...<\/div><span class='read-more '><a data-id='166' class='' href='https:\/\/vision-videoschool.eu\/?page_id=166'>Weiterlesen<\/a><\/span><\/div><\/div><\/div><\/div><\/div><div class=\"rt-col-md-12 rt-col-sm-12 rt-col-xs-12 even-grid-item rt-grid-item img_zoom_in\" data-id=\"922\"><div class=\"rt-holder\"><div class=\"rt-row\"><div class='rt-col-sm-6 rt-col-xs-12 '><div class=\"rt-img-holder\"><a data-id='922' class='' href='https:\/\/vision-videoschool.eu\/?page_id=922'><img loading=\"lazy\" decoding=\"async\" width=\"644\" height=\"362\" src=\"https:\/\/vision-videoschool.eu\/wp-content\/uploads\/2015\/03\/header-videocollage-e1649763990655-644x362.jpg\" class=\"rt-img-responsive \" alt=\"\" \/><\/a><\/div><\/div><div class='rt-col-sm-6 rt-col-xs-12 '><div class='rt-detail'><h3 class=\"entry-title\"><a data-id=\"922\" class=\"\" href=\"https:\/\/vision-videoschool.eu\/?page_id=922\">Eine Videocollage erstellen<\/a><\/h3><div class='tpg-excerpt'>Einf\u00fchrung Eine Kombination von Fotos mit kurzen Videoclips oder nur kurze Videoclips unterlegt mit Musik nennt man eine Videocollage. So kann man auf einfache und effektive Weise einen Ort zeigen, ein Ereignis dokumentieren oder ein Projekt...<\/div><span class='read-more '><a data-id='922' class='' href='https:\/\/vision-videoschool.eu\/?page_id=922'>Weiterlesen<\/a><\/span><\/div><\/div><\/div><\/div><\/div><div class=\"rt-col-md-12 rt-col-sm-12 rt-col-xs-12 even-grid-item rt-grid-item img_zoom_in\" data-id=\"988\"><div class=\"rt-holder\"><div class=\"rt-row\"><div class='rt-col-sm-6 rt-col-xs-12 '><div class=\"rt-img-holder\"><a data-id='988' class='' href='https:\/\/vision-videoschool.eu\/?page_id=988'><img loading=\"lazy\" decoding=\"async\" width=\"644\" height=\"362\" src=\"https:\/\/vision-videoschool.eu\/wp-content\/uploads\/2015\/02\/DSC_0098mala-e1649763034245-644x362.jpg\" class=\"rt-img-responsive \" alt=\"\" \/><\/a><\/div><\/div><div class='rt-col-sm-6 rt-col-xs-12 '><div class='rt-detail'><h3 class=\"entry-title\"><a data-id=\"988\" class=\"\" href=\"https:\/\/vision-videoschool.eu\/?page_id=988\">Ein Musikvideo produzieren<\/a><\/h3><div class='tpg-excerpt'>&nbsp; Einf\u00fchrung Das Musikvideo ist ein k\u00fcnstlerisches Format, das viel Freiraum f\u00fcr Kreativit\u00e4t l\u00e4sst. Je nach angestrebtem Anspruch und\u00a0Aufwand\u00a0k\u00f6nnen sehr viele Kenntnisse in Bezug auf Konzeption, Organisation und Nachbearbeitung von der...<\/div><span class='read-more '><a data-id='988' class='' href='https:\/\/vision-videoschool.eu\/?page_id=988'>Weiterlesen<\/a><\/span><\/div><\/div><\/div><\/div><\/div><div class=\"rt-col-md-12 rt-col-sm-12 rt-col-xs-12 even-grid-item rt-grid-item img_zoom_in\" data-id=\"252\"><div class=\"rt-holder\"><div class=\"rt-row\"><div class='rt-col-sm-6 rt-col-xs-12 '><div class=\"rt-img-holder\"><a data-id='252' class='' href='https:\/\/vision-videoschool.eu\/?page_id=252'><img loading=\"lazy\" decoding=\"async\" width=\"644\" height=\"362\" src=\"https:\/\/vision-videoschool.eu\/wp-content\/uploads\/2015\/02\/DSC_0488-001-mala-e1649764375373-644x362.jpg\" class=\"rt-img-responsive \" alt=\"\" \/><\/a><\/div><\/div><div class='rt-col-sm-6 rt-col-xs-12 '><div class='rt-detail'><h3 class=\"entry-title\"><a data-id=\"252\" class=\"\" href=\"https:\/\/vision-videoschool.eu\/?page_id=252\">Grundlagen der Stopp-Trick-Animation<\/a><\/h3><div class='tpg-excerpt'>Einf\u00fchrung Stopp-Trick ist ein einfacher Weg animierte Filme zu erstellen. Indem Objekte schrittweise vor einem Hintergrund bewegt werden und Schritt f\u00fcr Schritt einzelne Bilder aufgenommen werden, entsteht die Illusion einer fl\u00fcssigen\u00a0Bewegung. In...<\/div><span class='read-more '><a data-id='252' class='' href='https:\/\/vision-videoschool.eu\/?page_id=252'>Weiterlesen<\/a><\/span><\/div><\/div><\/div><\/div><\/div><div class=\"rt-col-md-12 rt-col-sm-12 rt-col-xs-12 even-grid-item rt-grid-item img_zoom_in\" data-id=\"245\"><div class=\"rt-holder\"><div class=\"rt-row\"><div class='rt-col-sm-6 rt-col-xs-12 '><div class=\"rt-img-holder\"><a data-id='245' class='' href='https:\/\/vision-videoschool.eu\/?page_id=245'><img loading=\"lazy\" decoding=\"async\" width=\"644\" height=\"362\" src=\"https:\/\/vision-videoschool.eu\/wp-content\/uploads\/2015\/02\/header-stage-performance-e1649763888189-644x362.jpg\" class=\"rt-img-responsive \" alt=\"\" \/><\/a><\/div><\/div><div class='rt-col-sm-6 rt-col-xs-12 '><div class='rt-detail'><h3 class=\"entry-title\"><a data-id=\"245\" class=\"\" href=\"https:\/\/vision-videoschool.eu\/?page_id=245\">Aufnahme und Filmmontage einer Veranstaltung<\/a><\/h3><div class='tpg-excerpt'>Einf\u00fchrung In diesem Kapitel lernst du B\u00fchnen &#8211; und Sportveranstaltungen zu filmen. Mit &#8218;B\u00fchnenveranstaltung&#8216; meinen wir jede Veranstaltung und Aktivit\u00e4t, die auf einer B\u00fchne stattfindet: von einem Theaterst\u00fcck bis zu einer Lesung...<\/div><span class='read-more '><a data-id='245' class='' href='https:\/\/vision-videoschool.eu\/?page_id=245'>Weiterlesen<\/a><\/span><\/div><\/div><\/div><\/div><\/div><div class=\"rt-col-md-12 rt-col-sm-12 rt-col-xs-12 even-grid-item rt-grid-item img_zoom_in\" data-id=\"285\"><div class=\"rt-holder\"><div class=\"rt-row\"><div class='rt-col-sm-6 rt-col-xs-12 '><div class=\"rt-img-holder\"><a data-id='285' class='' href='https:\/\/vision-videoschool.eu\/?page_id=285'><img loading=\"lazy\" decoding=\"async\" width=\"644\" height=\"363\" src=\"https:\/\/vision-videoschool.eu\/wp-content\/uploads\/2015\/02\/header-kratek-igrani-e1649763947450-644x363.jpg\" class=\"rt-img-responsive \" alt=\"\" \/><\/a><\/div><\/div><div class='rt-col-sm-6 rt-col-xs-12 '><div class='rt-detail'><h3 class=\"entry-title\"><a data-id=\"285\" class=\"\" href=\"https:\/\/vision-videoschool.eu\/?page_id=285\">Grundlagen der Kurz- und Spielfilmproduktion<\/a><\/h3><div class='tpg-excerpt'>Einf\u00fchrung Dieses Kapitel handelt von der Produktion eines Spielfilms, entweder in voller L\u00e4nge oder, um den Aufwand geringer zu halten auch in Form eines Kurzfilms (ca. 5 bis 20 min). Entweder Jugendliche nutzen dieses Kapitel, um einen Spielfilm...<\/div><span class='read-more '><a data-id='285' class='' href='https:\/\/vision-videoschool.eu\/?page_id=285'>Weiterlesen<\/a><\/span><\/div><\/div><\/div><\/div><\/div><\/div><\/div>\n","protected":false},"excerpt":{"rendered":"<p>Hier finden Sie weitere Unterkapitel zu verschiedenen Filmformaten. &nbsp; &nbsp;<\/p>\n","protected":false},"author":1,"featured_media":1931,"parent":0,"menu_order":33,"comment_status":"closed","ping_status":"closed","template":"page_fullwidth.php","meta":{"footnotes":""},"language":[23],"class_list":["post-6513","page","type-page","status-publish","has-post-thumbnail","hentry","language-de_de"],"yoast_head":"<!-- This site is optimized with the Yoast SEO plugin v27.6 - https:\/\/yoast.com\/product\/yoast-seo-wordpress\/ -->\n<title>W\u00e4hle Dein Format - V I S I O N and A N I M A V I S I O N - Video School Online<\/title>\n<meta name=\"robots\" content=\"index, follow, max-snippet:-1, max-image-preview:large, max-video-preview:-1\" \/>\n<link rel=\"canonical\" href=\"https:\/\/vision-videoschool.eu\/?page_id=6513\" \/>\n<meta property=\"og:locale\" content=\"de_DE\" \/>\n<meta property=\"og:type\" content=\"article\" \/>\n<meta property=\"og:title\" content=\"W\u00e4hle Dein Format - V I S I O N and A N I M A V I S I O N - Video School Online\" \/>\n<meta property=\"og:description\" content=\"Hier finden Sie weitere Unterkapitel zu verschiedenen Filmformaten. &nbsp; &nbsp;\" \/>\n<meta property=\"og:url\" content=\"https:\/\/vision-videoschool.eu\/?page_id=6513\" \/>\n<meta property=\"og:site_name\" content=\"V I S I O N and A N I M A V I S I O N - Video School Online\" \/>\n<meta property=\"article:publisher\" content=\"https:\/\/www.facebook.com\/people\/Vision-video-school-online\/100030695877266\/\" \/>\n<meta property=\"article:modified_time\" content=\"2023-10-27T13:34:11+00:00\" \/>\n<meta property=\"og:image\" content=\"https:\/\/vision-videoschool.eu\/wp-content\/uploads\/2015\/02\/DSC0137.jpg\" \/>\n\t<meta property=\"og:image:width\" content=\"1915\" \/>\n\t<meta property=\"og:image:height\" content=\"1054\" \/>\n\t<meta property=\"og:image:type\" content=\"image\/jpeg\" \/>\n<meta name=\"twitter:card\" content=\"summary_large_image\" \/>\n<meta name=\"twitter:label1\" content=\"Gesch\u00e4tzte Lesezeit\" \/>\n\t<meta name=\"twitter:data1\" content=\"1\u00a0Minute\" \/>\n<script type=\"application\/ld+json\" class=\"yoast-schema-graph\">{\"@context\":\"https:\\\/\\\/schema.org\",\"@graph\":[{\"@type\":\"WebPage\",\"@id\":\"https:\\\/\\\/vision-videoschool.eu\\\/?page_id=6513\",\"url\":\"https:\\\/\\\/vision-videoschool.eu\\\/?page_id=6513\",\"name\":\"W\u00e4hle Dein Format - V I S I O N and A N I M A V I S I O N - Video School Online\",\"isPartOf\":{\"@id\":\"https:\\\/\\\/vision-videoschool.eu\\\/#website\"},\"primaryImageOfPage\":{\"@id\":\"https:\\\/\\\/vision-videoschool.eu\\\/?page_id=6513#primaryimage\"},\"image\":{\"@id\":\"https:\\\/\\\/vision-videoschool.eu\\\/?page_id=6513#primaryimage\"},\"thumbnailUrl\":\"https:\\\/\\\/vision-videoschool.eu\\\/wp-content\\\/uploads\\\/2015\\\/02\\\/DSC0137.jpg\",\"datePublished\":\"2022-04-12T13:28:23+00:00\",\"dateModified\":\"2023-10-27T13:34:11+00:00\",\"breadcrumb\":{\"@id\":\"https:\\\/\\\/vision-videoschool.eu\\\/?page_id=6513#breadcrumb\"},\"inLanguage\":\"de\",\"potentialAction\":[{\"@type\":\"ReadAction\",\"target\":[\"https:\\\/\\\/vision-videoschool.eu\\\/?page_id=6513\"]}]},{\"@type\":\"ImageObject\",\"inLanguage\":\"de\",\"@id\":\"https:\\\/\\\/vision-videoschool.eu\\\/?page_id=6513#primaryimage\",\"url\":\"https:\\\/\\\/vision-videoschool.eu\\\/wp-content\\\/uploads\\\/2015\\\/02\\\/DSC0137.jpg\",\"contentUrl\":\"https:\\\/\\\/vision-videoschool.eu\\\/wp-content\\\/uploads\\\/2015\\\/02\\\/DSC0137.jpg\",\"width\":1915,\"height\":1054},{\"@type\":\"BreadcrumbList\",\"@id\":\"https:\\\/\\\/vision-videoschool.eu\\\/?page_id=6513#breadcrumb\",\"itemListElement\":[{\"@type\":\"ListItem\",\"position\":1,\"name\":\"Home\",\"item\":\"https:\\\/\\\/vision-videoschool.eu\\\/\"},{\"@type\":\"ListItem\",\"position\":2,\"name\":\"W\u00e4hle Dein Format\"}]},{\"@type\":\"WebSite\",\"@id\":\"https:\\\/\\\/vision-videoschool.eu\\\/#website\",\"url\":\"https:\\\/\\\/vision-videoschool.eu\\\/\",\"name\":\"V I S I O N and A N I M A V I S I O N - Video School Online\",\"description\":\"Informal internet video school for youngsters, youth workers, teachers and others.\",\"publisher\":{\"@id\":\"https:\\\/\\\/vision-videoschool.eu\\\/#organization\"},\"potentialAction\":[{\"@type\":\"SearchAction\",\"target\":{\"@type\":\"EntryPoint\",\"urlTemplate\":\"https:\\\/\\\/vision-videoschool.eu\\\/?s={search_term_string}\"},\"query-input\":{\"@type\":\"PropertyValueSpecification\",\"valueRequired\":true,\"valueName\":\"search_term_string\"}}],\"inLanguage\":\"de\"},{\"@type\":\"Organization\",\"@id\":\"https:\\\/\\\/vision-videoschool.eu\\\/#organization\",\"name\":\"V I S I O N and A N I M A V I S I O N - Video School Online\",\"url\":\"https:\\\/\\\/vision-videoschool.eu\\\/\",\"logo\":{\"@type\":\"ImageObject\",\"inLanguage\":\"de\",\"@id\":\"https:\\\/\\\/vision-videoschool.eu\\\/#\\\/schema\\\/logo\\\/image\\\/\",\"url\":\"https:\\\/\\\/vision-videoschool.eu\\\/wp-content\\\/uploads\\\/2021\\\/04\\\/cropped-AnimaVision_LOGO_2021-Ver011d_24-Bit_1200px_90-2.png\",\"contentUrl\":\"https:\\\/\\\/vision-videoschool.eu\\\/wp-content\\\/uploads\\\/2021\\\/04\\\/cropped-AnimaVision_LOGO_2021-Ver011d_24-Bit_1200px_90-2.png\",\"width\":1220,\"height\":480,\"caption\":\"V I S I O N and A N I M A V I S I O N - Video School Online\"},\"image\":{\"@id\":\"https:\\\/\\\/vision-videoschool.eu\\\/#\\\/schema\\\/logo\\\/image\\\/\"},\"sameAs\":[\"https:\\\/\\\/www.facebook.com\\\/people\\\/Vision-video-school-online\\\/100030695877266\\\/\"]}]}<\/script>\n<!-- \/ Yoast SEO plugin. -->","yoast_head_json":{"title":"W\u00e4hle Dein Format - V I S I O N and A N I M A V I S I O N - Video School Online","robots":{"index":"index","follow":"follow","max-snippet":"max-snippet:-1","max-image-preview":"max-image-preview:large","max-video-preview":"max-video-preview:-1"},"canonical":"https:\/\/vision-videoschool.eu\/?page_id=6513","og_locale":"de_DE","og_type":"article","og_title":"W\u00e4hle Dein Format - V I S I O N and A N I M A V I S I O N - Video School Online","og_description":"Hier finden Sie weitere Unterkapitel zu verschiedenen Filmformaten. &nbsp; &nbsp;","og_url":"https:\/\/vision-videoschool.eu\/?page_id=6513","og_site_name":"V I S I O N and A N I M A V I S I O N - Video School Online","article_publisher":"https:\/\/www.facebook.com\/people\/Vision-video-school-online\/100030695877266\/","article_modified_time":"2023-10-27T13:34:11+00:00","og_image":[{"width":1915,"height":1054,"url":"https:\/\/vision-videoschool.eu\/wp-content\/uploads\/2015\/02\/DSC0137.jpg","type":"image\/jpeg"}],"twitter_card":"summary_large_image","twitter_misc":{"Gesch\u00e4tzte Lesezeit":"1\u00a0Minute"},"schema":{"@context":"https:\/\/schema.org","@graph":[{"@type":"WebPage","@id":"https:\/\/vision-videoschool.eu\/?page_id=6513","url":"https:\/\/vision-videoschool.eu\/?page_id=6513","name":"W\u00e4hle Dein Format - V I S I O N and A N I M A V I S I O N - Video School Online","isPartOf":{"@id":"https:\/\/vision-videoschool.eu\/#website"},"primaryImageOfPage":{"@id":"https:\/\/vision-videoschool.eu\/?page_id=6513#primaryimage"},"image":{"@id":"https:\/\/vision-videoschool.eu\/?page_id=6513#primaryimage"},"thumbnailUrl":"https:\/\/vision-videoschool.eu\/wp-content\/uploads\/2015\/02\/DSC0137.jpg","datePublished":"2022-04-12T13:28:23+00:00","dateModified":"2023-10-27T13:34:11+00:00","breadcrumb":{"@id":"https:\/\/vision-videoschool.eu\/?page_id=6513#breadcrumb"},"inLanguage":"de","potentialAction":[{"@type":"ReadAction","target":["https:\/\/vision-videoschool.eu\/?page_id=6513"]}]},{"@type":"ImageObject","inLanguage":"de","@id":"https:\/\/vision-videoschool.eu\/?page_id=6513#primaryimage","url":"https:\/\/vision-videoschool.eu\/wp-content\/uploads\/2015\/02\/DSC0137.jpg","contentUrl":"https:\/\/vision-videoschool.eu\/wp-content\/uploads\/2015\/02\/DSC0137.jpg","width":1915,"height":1054},{"@type":"BreadcrumbList","@id":"https:\/\/vision-videoschool.eu\/?page_id=6513#breadcrumb","itemListElement":[{"@type":"ListItem","position":1,"name":"Home","item":"https:\/\/vision-videoschool.eu\/"},{"@type":"ListItem","position":2,"name":"W\u00e4hle Dein Format"}]},{"@type":"WebSite","@id":"https:\/\/vision-videoschool.eu\/#website","url":"https:\/\/vision-videoschool.eu\/","name":"V I S I O N and A N I M A V I S I O N - Video School Online","description":"Informal internet video school for youngsters, youth workers, teachers and others.","publisher":{"@id":"https:\/\/vision-videoschool.eu\/#organization"},"potentialAction":[{"@type":"SearchAction","target":{"@type":"EntryPoint","urlTemplate":"https:\/\/vision-videoschool.eu\/?s={search_term_string}"},"query-input":{"@type":"PropertyValueSpecification","valueRequired":true,"valueName":"search_term_string"}}],"inLanguage":"de"},{"@type":"Organization","@id":"https:\/\/vision-videoschool.eu\/#organization","name":"V I S I O N and A N I M A V I S I O N - Video School Online","url":"https:\/\/vision-videoschool.eu\/","logo":{"@type":"ImageObject","inLanguage":"de","@id":"https:\/\/vision-videoschool.eu\/#\/schema\/logo\/image\/","url":"https:\/\/vision-videoschool.eu\/wp-content\/uploads\/2021\/04\/cropped-AnimaVision_LOGO_2021-Ver011d_24-Bit_1200px_90-2.png","contentUrl":"https:\/\/vision-videoschool.eu\/wp-content\/uploads\/2021\/04\/cropped-AnimaVision_LOGO_2021-Ver011d_24-Bit_1200px_90-2.png","width":1220,"height":480,"caption":"V I S I O N and A N I M A V I S I O N - Video School Online"},"image":{"@id":"https:\/\/vision-videoschool.eu\/#\/schema\/logo\/image\/"},"sameAs":["https:\/\/www.facebook.com\/people\/Vision-video-school-online\/100030695877266\/"]}]}},"rttpg_featured_image_url":{"full":["https:\/\/vision-videoschool.eu\/wp-content\/uploads\/2015\/02\/DSC0137.jpg",1915,1054,false],"landscape":["https:\/\/vision-videoschool.eu\/wp-content\/uploads\/2015\/02\/DSC0137.jpg",1915,1054,false],"portraits":["https:\/\/vision-videoschool.eu\/wp-content\/uploads\/2015\/02\/DSC0137.jpg",1915,1054,false],"thumbnail":["https:\/\/vision-videoschool.eu\/wp-content\/uploads\/2015\/02\/DSC0137-150x150.jpg",150,150,true],"medium":["https:\/\/vision-videoschool.eu\/wp-content\/uploads\/2015\/02\/DSC0137-300x165.jpg",300,165,true],"large":["https:\/\/vision-videoschool.eu\/wp-content\/uploads\/2015\/02\/DSC0137-644x354.jpg",644,354,true],"1536x1536":["https:\/\/vision-videoschool.eu\/wp-content\/uploads\/2015\/02\/DSC0137.jpg",1536,845,false],"2048x2048":["https:\/\/vision-videoschool.eu\/wp-content\/uploads\/2015\/02\/DSC0137.jpg",1915,1054,false],"post-thumbnail":["https:\/\/vision-videoschool.eu\/wp-content\/uploads\/2015\/02\/DSC0137-644x354.jpg",644,354,true],"first-page-thumbnail":["https:\/\/vision-videoschool.eu\/wp-content\/uploads\/2015\/02\/DSC0137-1220x480.jpg",1220,480,true]},"rttpg_author":{"display_name":"vision_team","author_link":"https:\/\/vision-videoschool.eu\/?author=1"},"rttpg_comment":0,"rttpg_category":" <a href=\"https:\/\/vision-videoschool.eu\/?language=de_de\" rel=\"tag\">de_DE<\/a>","rttpg_excerpt":"Hier finden Sie weitere Unterkapitel zu verschiedenen Filmformaten. &nbsp; &nbsp;","_links":{"self":[{"href":"https:\/\/vision-videoschool.eu\/index.php?rest_route=\/wp\/v2\/pages\/6513","targetHints":{"allow":["GET"]}}],"collection":[{"href":"https:\/\/vision-videoschool.eu\/index.php?rest_route=\/wp\/v2\/pages"}],"about":[{"href":"https:\/\/vision-videoschool.eu\/index.php?rest_route=\/wp\/v2\/types\/page"}],"author":[{"embeddable":true,"href":"https:\/\/vision-videoschool.eu\/index.php?rest_route=\/wp\/v2\/users\/1"}],"replies":[{"embeddable":true,"href":"https:\/\/vision-videoschool.eu\/index.php?rest_route=%2Fwp%2Fv2%2Fcomments&post=6513"}],"version-history":[{"count":5,"href":"https:\/\/vision-videoschool.eu\/index.php?rest_route=\/wp\/v2\/pages\/6513\/revisions"}],"predecessor-version":[{"id":8014,"href":"https:\/\/vision-videoschool.eu\/index.php?rest_route=\/wp\/v2\/pages\/6513\/revisions\/8014"}],"wp:featuredmedia":[{"embeddable":true,"href":"https:\/\/vision-videoschool.eu\/index.php?rest_route=\/wp\/v2\/media\/1931"}],"wp:attachment":[{"href":"https:\/\/vision-videoschool.eu\/index.php?rest_route=%2Fwp%2Fv2%2Fmedia&parent=6513"}],"wp:term":[{"taxonomy":"language","embeddable":true,"href":"https:\/\/vision-videoschool.eu\/index.php?rest_route=%2Fwp%2Fv2%2Flanguage&post=6513"}],"curies":[{"name":"wp","href":"https:\/\/api.w.org\/{rel}","templated":true}]}}