{"id":909,"date":"2015-03-26T12:38:08","date_gmt":"2015-03-26T11:38:08","guid":{"rendered":"http:\/\/vision.wettintv.de\/?page_id=909"},"modified":"2022-04-12T11:32:38","modified_gmt":"2022-04-12T10:32:38","slug":"brezplacni-spletni-viri","status":"publish","type":"page","link":"https:\/\/vision-videoschool.eu\/?page_id=909","title":{"rendered":"Brezpla\u010dni spletni viri"},"content":{"rendered":"<div class=\"pdfprnt-buttons pdfprnt-buttons-page pdfprnt-top-right\"><a href=\"https:\/\/vision-videoschool.eu\/index.php?rest_route=%2Fwp%2Fv2%2Fpages%2F909&print=pdf\" class=\"pdfprnt-button pdfprnt-button-pdf\" target=\"_blank\" ><img decoding=\"async\" src=\"https:\/\/vision-videoschool.eu\/wp-content\/plugins\/pdf-print\/images\/pdf.png\" alt=\"image_pdf\" title=\"PDF anzeigen\" \/><\/a><\/div><h2>O\u00a0\u010dem\u00a0govori\u00a0to poglavje?<\/h2>\n<p>Na spletu lahko najde\u0161 ogromno virov, s pomo\u010djo katerih lahko dokon\u010da\u0161 ali izbolj\u0161a\u0161 svoj video. Obstajajo skupnosti programerjev in ustvarjalcev, ki razvijajo brezpla\u010dne programe za obdelavo slik in videa, ustvarjajo razli\u010dne zvoke, zvo\u010dne efekte, glasbo&#8230; Priporo\u010dljivo je, da vedno preveri\u0161, kak\u0161ne pravice za uporabo ima\u0161 za dolo\u010den program ali avtorsko delo (ilustracijo, fotografijo, skladbo&#8230;), ki jo sname\u0161 s spleta. Veliko jih namre\u010d lahko brezpla\u010dno uporabi\u0161 za neprofitne projekte, nekatere pa celo za profitne dejavnosti. Ra\u010dunalni\u0161ke programe ve\u010dina od nas te\u017eko razvije sama od sebe, pri glasbi in slikovnem materialu pa imamo \u017ee ve\u010d mo\u017enosti, da jih ustvarimo in ne jemljemo s spleta. Vedno se lahko pove\u017ee\u0161 z lokalnimi glasbeniki, sam posname\u0161 razli\u010dne zvoke in zvo\u010dne efekte, izdela\u0161 slikovni material&#8230;<\/p>\n<table style=\"border-color: #ffffff;\">\n<tbody>\n<tr style=\"height: 33px;\">\n<td style=\"border-color: #ffffff; text-align: left; vertical-align: top;\">\u00a0<img loading=\"lazy\" decoding=\"async\" class=\"alignleft wp-image-3206\" src=\"https:\/\/vision.wettintv.de\/wp-content\/uploads\/2015\/03\/corner_lt.png\" alt=\"corner_lt\" width=\"30\" height=\"33\" \/><\/td>\n<td style=\"border-color: #ffffff;\">\n<h2>\u00a0<span style=\"color: #e3890b;\">Vision <em>v akciji &#8211; kratek opomnik za delo na terenu<\/em><\/span><\/h2>\n<\/td>\n<td style=\"border-color: #ffffff;\">\u00a0<img loading=\"lazy\" decoding=\"async\" class=\"alignright wp-image-3208\" src=\"https:\/\/vision.wettintv.de\/wp-content\/uploads\/2015\/03\/corner_rt.png\" alt=\"corner_rt\" width=\"30\" height=\"33\" \/><\/td>\n<\/tr>\n<tr style=\"border-color: #ffffff;\">\n<td style=\"border-color: #ffffff;\"><\/td>\n<td style=\"border-color: #ffffff;\">\n<ol>\n<li>Vedno preveri dovoljenja za uporabo programov, zvo\u010dnih efektov, glasbe&#8230;, ki jo pretaka\u0161 s spleta z namenom uporabe za svoj projekt.<\/li>\n<li>Kadar i\u0161\u010de\u0161 kaj dolo\u010denega, razmisli, katere klju\u010dne besede to najbolje opisujejo, in si tako skraj\u0161aj \u010das iskanja.<\/li>\n<li>Razmisli, ali res \u017eeli\u0161 ve\u010dino potrebnega povle\u010di s spleta ali pa lahko morda kak\u0161no glasbo ali zvoke ustvari\u0161 ali posname\u0161 sam ali s pomo\u010djo prijateljev. To je ponavadi veliko bolj zabavno in doda tvojemu izdelku poseben \u010dar.<\/li>\n<\/ol>\n<\/td>\n<td style=\"border-color: #ffffff;\"><\/td>\n<\/tr>\n<tr style=\"height: 33px;\">\n<td style=\"border-color: #ffffff; width: 30px; height: 33px;\"><img loading=\"lazy\" decoding=\"async\" class=\" wp-image-3205 alignleft\" src=\"https:\/\/vision.wettintv.de\/wp-content\/uploads\/2015\/03\/corner_lb.png\" alt=\"corner_lb\" width=\"30\" height=\"33\" \/><\/td>\n<td style=\"border-color: #ffffff;\"><\/td>\n<td style=\"border-color: #ffffff; width: 30px; height: 33px;\"><img loading=\"lazy\" decoding=\"async\" class=\"alignright wp-image-3207\" src=\"https:\/\/vision.wettintv.de\/wp-content\/uploads\/2015\/03\/corner_rb.png\" alt=\"corner_rb\" width=\"30\" height=\"33\" \/><\/td>\n<\/tr>\n<\/tbody>\n<\/table>\n<h2><strong>Podrobnej\u0161a razlaga<\/strong><\/h2>\n<p>Dobra monta\u017ea (celotnega filma), glasba, zvoki in grafika lahko dajo tvojemu izdelku veliko bolj profesionalen in zanimiv izgled. Za nekatere ustvarjalce pa je &#8218;igranje&#8216; z zgoraj napisanimi elementi tudi zelo kreativno po\u010detje. \u010ceprav je izdelava lastne glasbe, zvokov in ostalega lahko zelo zanimiva in zabavna izku\u0161nja, lahko za vsem tem pobrska\u0161 tudi na spletu. Temu pa bo\u0161 seveda moral nameniti nekaj \u010dasa, da bo\u0161 na\u0161el vsaj pribli\u017eno tisto, kar si si zamislil.<\/p>\n<h3><b>Programi za monta\u017eo<br \/>\n<\/b><\/h3>\n<p>Na voljo je nekaj brezpla\u010dnih programov za monta\u017eo. Ti so lahko zelo enostavni za monta\u017eo npr. videokola\u017eev in enostavnih stoptrik animacij, pa tudi zelo zahtevni in bo\u0161 za njih porabil nekaj ve\u010d \u010dasa, da se jih nau\u010di\u0161. Vendar ve\u010dina brezpla\u010dnih programov ne ponuja vseh mo\u017enosti, kot jih imajo profesionalni programi. Zato so primerni za za\u010detnike, za bolj resno delo pa si bo\u0161 morda moral priskrbeti kak\u0161en pla\u010dljiv profesionalni program.<\/p>\n<p>Ko se odlo\u010da\u0161 o tem, najprej razmisli, kaj pravzaprav potrebuje\u0161. Morda ti je bolj pomembno, da je program enostaven za uporabo, a vsebujejo veliko prednastavljenih slikovnih efektov in prehodov, ali pa \u017eeli\u0161 imeti na voljo bolj profesionalne nastavitve, ki pa se jih mora\u0161 sprva \u0161e nau\u010diti uporabljati, ti pa omogo\u010dajo bolj natan\u010dno obdelavo slike. Morda potrebuje\u0161 program, ki je stabilen tudi pri zelo velikih koli\u010dinah vnesenih posnetkov, ali pa kak\u0161nega z enostavno \u010dasovnico. Vse je odvisno od vrste projektov, ki jih bo\u0161 ustvarjal, in kaj je tebi pomembno.<\/p>\n<p>\u010ce si u\u010ditelj v \u0161oli ali mladinski sodelavec v lokalnem mladinskem centru in \u017eeli\u0161 snemati film\u010dke s svojimi u\u010denci oz. Skupino mladih, si je najbolje priskrbeti program, ki je primeren za njihovo starost. Odvisno je tudi, koliko \u010dasa boste namenili ustvarjanju. \u010ce ga nimate veliko, za\u010dnite z enostavnimi film\u010dki in programi.<\/p>\n<blockquote><p>Velikokrat pri nakupu kamere dobi\u0161 zraven \u0161e enostaven program za monta\u017eo posnetkov.<\/p><\/blockquote>\n<p>Obstaja tudi kar nekaj brezpla\u010dnih aplikacij za pametne telefone in tablice, ki so enostavne, lahko pa jih tudi kupite za nizko ceno.<\/p>\n<p>Monta\u017eni programi, ki jih lahko uporabi\u0161 na ra\u010dunalniku in so brezpla\u010dni, so:<\/p>\n<ul>\n<li><a href=\"https:\/\/windows.microsoft.com\/en-gb\/windows-live\/movie-maker\" target=\"_blank\" rel=\"noopener\"><em>Movie maker<\/em><\/a> (preprosti film\u010dki, videokola\u017ei, enostavne stoptrik animacije&#8230;),<\/li>\n<li><a href=\"https:\/\/monkeyjam.org\/\" target=\"_blank\" rel=\"noopener\"><em>Monkey jam<\/em><\/a> (za enostavne stoptrik animacije),<\/li>\n<li><a href=\"https:\/\/hitfilm.com\/\" target=\"_blank\" rel=\"noopener\"><em>Hitfilm<\/em><\/a> (zahtevnej\u0161a monta\u017ea videa),<\/li>\n<li><a href=\"https:\/\/www.lwks.com\/\" target=\"_blank\" rel=\"noopener\"><em>Lightworks<\/em><\/a> (zahtevnej\u0161a monta\u017ea videa)<\/li>\n<\/ul>\n<h3><b>Slikovni material<br \/>\n<\/b><\/h3>\n<p>V film\u010dek ali video pogosto vklju\u010dujemo tudi razli\u010den dodaten slikovni material (fotografije, napisi, ilustracije&#8230;). Z njim lahko dodamo v video posebne u\u010dinke, obogatimo sliko ali dodamo tekste za naslov ali dodatna pojasnila. Pogosto je la\u017eje, \u010de slikovni material obdelamo oz. ustvarimo posebej v za to namenjenem programu. Ta ponavadi ponuja ve\u010d mo\u017enosti za obdelavo kot na\u0161 program za monta\u017eo videa. Lahko pa tudi kombiniramo obe mo\u017enosti.<\/p>\n<blockquote><p>Kadar uporabljamo dodaten program za ustvarjanje ali obdelavo slikovnega materiala, moramo biti pozorni, da ga izdelamo v primerni velikosti oz. idealno v istem formatu, kot je na\u0161 video. \u010ce je na primer na\u0161 video posnet v formatu Full HD &#8211; 1920 \u00d7 1080, naj bo tudi velikost slikovnega materiala nastavljena na to razmerje.<\/p><\/blockquote>\n<p>Urejevalniki slike, ki so na voljo brezpla\u010dno: brezpla\u010dni spletni urejevalniki slike (i\u0161\u010di pod klju\u010dnimi besedami, ang. <em>free online graphics editors)<\/em>, <em>Picasa<\/em> (enostaven), <em>Gimp<\/em> (zahtevnej\u0161i, podoben Photoshopu)<\/p>\n<p>Na spletu obstaja tudi veliko spletnih strani, ki ponujajo brezpla\u010dne fotografije, ilustracije, fonte za pisave&#8230; Tudi v tem primeru i\u0161\u010di pod podobnimi klju\u010dnimi besedami (npr. <em>free photos<\/em>&#8230;).<\/p>\n<h3><b>Zvok, glasba in zvo\u010dni efekti<br \/>\n<\/b><\/h3>\n<p>Ve\u010dino osnovne monta\u017ee zvoka lahko naredi\u0161 \u017ee v programu za monta\u017eo videa, enostaven program za monta\u017eo zvoka pa lahko najde\u0161 tudi na spletu (on-line uporaba). Najve\u010djo te\u017eavo pri zvoku predstavlja uporaba znane glasbe. To lahko povzro\u010di tudi kak\u0161ne neprijetnosti. Nekatere tiskarne ne bodo \u017eelele razmno\u017eiti DVD-jev s film\u010dki, ki uporabljajo glasbo, za katero niso urejene avtorske pravice. Le-te so lahko resni\u010dno drage. Spletni kanali za predvajanje videa (npr. Youtube) lahko tak\u0161ne videe blokirajo. Kljub temu pa je potrebno na vse skupaj gledati pozitivno. Na ta na\u010din smo namre\u010d prisiljeni biti bolj ustvarjalni in v projekt vklju\u010diti mo\u017enost za ustvarjanje \u0161e dodatnim osebam. Obstaja ve\u010d mo\u017enih re\u0161itev in najbolje je o njih razmi\u0161ljati \u017ee na za\u010detku, ko je film \u0161e v fazi na\u010drtovanja. Spodaj navajamo nekaj predlogov:<\/p>\n<ul>\n<li>V tvoji skupini ali med prijatelji je zagotovo kdo, ki zna igrati kak in\u0161trument. Posnemi njegovo glasbo. Klasi\u010dna ali ljudska glasba je namre\u010d odli\u010dna glasbena podlaga v filmih. Tudi z enostavno improvizacijo lahko pridejo glasbeniki do lepih melodij.<\/li>\n<li>Kontaktiraj kak\u0161no lokalno glasbeno skupino in jo povpra\u0161aj za dovoljenje za uporabo njihove glasbe. Dobro je, \u010de jim pred objavo film\u010dek tudi poka\u017ee\u0161. To bo med vami ustvarilo zaupanje in glasbenikom \u0161e vedno dalo na voljo mo\u017enost, da razmislijo, ali je uporaba glasbe za njih sprejemljiva, kajti nekateri ne \u017eelijo, da se njihova glasba povezuje z dolo\u010denimi tematikami, ali pa jim ni v\u0161e\u010d, \u010de je uporabljena za izdelke, ki niso izklju\u010dno profesionalni.<\/li>\n<li>Najdi spletne podatkovne baze z razli\u010dnimi zvoki in glasbenimi linijami in poskusi sam ustvariti glasbeno podlago. Ali pa najdi glasbo, ki jo glasbeniki ponujajo v brezpla\u010dno uporabo.<\/li>\n<\/ul>\n<p>Spletna stran z brezpla\u010dno glasbo: <a href=\"https:\/\/dig.ccmixter.org\/\"><em>dig.ccmixter<\/em><\/a>, i\u0161\u010de\u0161 pa lahko tudi po naslednjih klju\u010dnih besedah: <em>free loops, sound or audio effects<\/em>.<\/p>\n<blockquote><p>Veliko glasbe je na voljo za neprofitno uporabo. To pomeni, da jo lahko uporabi\u0161 za svoj film\u010dek ali video, kadar ga nima\u0161 namena na \u0161iroko prodajati in z njim slu\u017eiti.<\/p><\/blockquote>\n<h2>Sorodne\u00a0teme\u00a0in\u00a0zunanji viri<\/h2>\n<blockquote><p>Preberi ve\u010d o razli\u010dni vrstah brezpla\u010dnih licenc:<\/p>\n<p><a href=\"https:\/\/en.wikipedia.org\/wiki\/Copyleft#Applying_copyleft\" target=\"_blank\" rel=\"noopener\">https:\/\/en.wikipedia.org\/wiki\/Copyleft#Applying_copyleft<\/a><\/p>\n<p><a href=\"https:\/\/en.wikipedia.org\/wiki\/Creative_Commons_license\" target=\"_blank\" rel=\"noopener\">https:\/\/en.wikipedia.org\/wiki\/Creative_Commons_license<\/a><\/p><\/blockquote>\n<h2><b>Metodologija<\/b><\/h2>\n<p>\u010ce dela\u0161 s skupino mladih, spro\u017ei pogovor o avtorskih pravicah in dovoljenjih za uporabo.<\/p>\n<h2><b>Terminologija<\/b><\/h2>\n<p><em>copyright, copyleft<br \/>\n<\/em><\/p>\n<p>&nbsp;<\/p>\n","protected":false},"excerpt":{"rendered":"<p>O\u00a0\u010dem\u00a0govori\u00a0to poglavje? Na spletu lahko najde\u0161 ogromno virov, s pomo\u010djo katerih lahko dokon\u010da\u0161 ali izbolj\u0161a\u0161 svoj video. Obstajajo skupnosti programerjev in ustvarjalcev, ki razvijajo brezpla\u010dne programe za obdelavo slik in videa, ustvarjajo razli\u010dne zvoke, zvo\u010dne efekte, glasbo&#8230; Priporo\u010dljivo je, da vedno preveri\u0161, kak\u0161ne pravice za uporabo ima\u0161 za dolo\u010den program ali avtorsko delo (ilustracijo, fotografijo,&#8230;<\/p>\n","protected":false},"author":2,"featured_media":3799,"parent":0,"menu_order":3340,"comment_status":"closed","ping_status":"closed","template":"page_fullwidth.php","meta":{"footnotes":""},"language":[5],"class_list":["post-909","page","type-page","status-publish","has-post-thumbnail","hentry","language-sl_si"],"yoast_head":"<!-- This site is optimized with the Yoast SEO plugin v27.6 - https:\/\/yoast.com\/product\/yoast-seo-wordpress\/ -->\n<title>Brezpla\u010dni spletni viri - V I S I O N and A N I M A V I S I O N - Video School Online<\/title>\n<meta name=\"robots\" content=\"index, follow, max-snippet:-1, max-image-preview:large, max-video-preview:-1\" \/>\n<link rel=\"canonical\" href=\"https:\/\/vision-videoschool.eu\/?page_id=909\" \/>\n<meta property=\"og:locale\" content=\"de_DE\" \/>\n<meta property=\"og:type\" content=\"article\" \/>\n<meta property=\"og:title\" content=\"Brezpla\u010dni spletni viri - V I S I O N and A N I M A V I S I O N - Video School Online\" \/>\n<meta property=\"og:description\" content=\"O\u00a0\u010dem\u00a0govori\u00a0to poglavje? Na spletu lahko najde\u0161 ogromno virov, s pomo\u010djo katerih lahko dokon\u010da\u0161 ali izbolj\u0161a\u0161 svoj video. Obstajajo skupnosti programerjev in ustvarjalcev, ki razvijajo brezpla\u010dne programe za obdelavo slik in videa, ustvarjajo razli\u010dne zvoke, zvo\u010dne efekte, glasbo&#8230; Priporo\u010dljivo je, da vedno preveri\u0161, kak\u0161ne pravice za uporabo ima\u0161 za dolo\u010den program ali avtorsko delo (ilustracijo, fotografijo,...\" \/>\n<meta property=\"og:url\" content=\"https:\/\/vision-videoschool.eu\/?page_id=909\" \/>\n<meta property=\"og:site_name\" content=\"V I S I O N and A N I M A V I S I O N - Video School Online\" \/>\n<meta property=\"article:publisher\" content=\"https:\/\/www.facebook.com\/people\/Vision-video-school-online\/100030695877266\/\" \/>\n<meta property=\"article:modified_time\" content=\"2022-04-12T10:32:38+00:00\" \/>\n<meta property=\"og:image\" content=\"https:\/\/vision-videoschool.eu\/wp-content\/uploads\/2015\/03\/DSC_0451-e1649765186597.jpg\" \/>\n\t<meta property=\"og:image:width\" content=\"2226\" \/>\n\t<meta property=\"og:image:height\" content=\"1252\" \/>\n\t<meta property=\"og:image:type\" content=\"image\/jpeg\" \/>\n<meta name=\"twitter:card\" content=\"summary_large_image\" \/>\n<meta name=\"twitter:label1\" content=\"Gesch\u00e4tzte Lesezeit\" \/>\n\t<meta name=\"twitter:data1\" content=\"6\u00a0Minuten\" \/>\n<script type=\"application\/ld+json\" class=\"yoast-schema-graph\">{\"@context\":\"https:\\\/\\\/schema.org\",\"@graph\":[{\"@type\":\"WebPage\",\"@id\":\"https:\\\/\\\/vision-videoschool.eu\\\/?page_id=909\",\"url\":\"https:\\\/\\\/vision-videoschool.eu\\\/?page_id=909\",\"name\":\"Brezpla\u010dni spletni viri - V I S I O N and A N I M A V I S I O N - Video School Online\",\"isPartOf\":{\"@id\":\"https:\\\/\\\/vision-videoschool.eu\\\/#website\"},\"primaryImageOfPage\":{\"@id\":\"https:\\\/\\\/vision-videoschool.eu\\\/?page_id=909#primaryimage\"},\"image\":{\"@id\":\"https:\\\/\\\/vision-videoschool.eu\\\/?page_id=909#primaryimage\"},\"thumbnailUrl\":\"https:\\\/\\\/vision-videoschool.eu\\\/wp-content\\\/uploads\\\/2015\\\/03\\\/DSC_0451-e1649765186597.jpg\",\"datePublished\":\"2015-03-26T11:38:08+00:00\",\"dateModified\":\"2022-04-12T10:32:38+00:00\",\"breadcrumb\":{\"@id\":\"https:\\\/\\\/vision-videoschool.eu\\\/?page_id=909#breadcrumb\"},\"inLanguage\":\"de\",\"potentialAction\":[{\"@type\":\"ReadAction\",\"target\":[\"https:\\\/\\\/vision-videoschool.eu\\\/?page_id=909\"]}]},{\"@type\":\"ImageObject\",\"inLanguage\":\"de\",\"@id\":\"https:\\\/\\\/vision-videoschool.eu\\\/?page_id=909#primaryimage\",\"url\":\"https:\\\/\\\/vision-videoschool.eu\\\/wp-content\\\/uploads\\\/2015\\\/03\\\/DSC_0451-e1649765186597.jpg\",\"contentUrl\":\"https:\\\/\\\/vision-videoschool.eu\\\/wp-content\\\/uploads\\\/2015\\\/03\\\/DSC_0451-e1649765186597.jpg\",\"width\":2226,\"height\":1252},{\"@type\":\"BreadcrumbList\",\"@id\":\"https:\\\/\\\/vision-videoschool.eu\\\/?page_id=909#breadcrumb\",\"itemListElement\":[{\"@type\":\"ListItem\",\"position\":1,\"name\":\"Home\",\"item\":\"https:\\\/\\\/vision-videoschool.eu\\\/\"},{\"@type\":\"ListItem\",\"position\":2,\"name\":\"Brezpla\u010dni spletni viri\"}]},{\"@type\":\"WebSite\",\"@id\":\"https:\\\/\\\/vision-videoschool.eu\\\/#website\",\"url\":\"https:\\\/\\\/vision-videoschool.eu\\\/\",\"name\":\"V I S I O N and A N I M A V I S I O N - Video School Online\",\"description\":\"Informal internet video school for youngsters, youth workers, teachers and others.\",\"publisher\":{\"@id\":\"https:\\\/\\\/vision-videoschool.eu\\\/#organization\"},\"potentialAction\":[{\"@type\":\"SearchAction\",\"target\":{\"@type\":\"EntryPoint\",\"urlTemplate\":\"https:\\\/\\\/vision-videoschool.eu\\\/?s={search_term_string}\"},\"query-input\":{\"@type\":\"PropertyValueSpecification\",\"valueRequired\":true,\"valueName\":\"search_term_string\"}}],\"inLanguage\":\"de\"},{\"@type\":\"Organization\",\"@id\":\"https:\\\/\\\/vision-videoschool.eu\\\/#organization\",\"name\":\"V I S I O N and A N I M A V I S I O N - Video School Online\",\"url\":\"https:\\\/\\\/vision-videoschool.eu\\\/\",\"logo\":{\"@type\":\"ImageObject\",\"inLanguage\":\"de\",\"@id\":\"https:\\\/\\\/vision-videoschool.eu\\\/#\\\/schema\\\/logo\\\/image\\\/\",\"url\":\"https:\\\/\\\/vision-videoschool.eu\\\/wp-content\\\/uploads\\\/2021\\\/04\\\/cropped-AnimaVision_LOGO_2021-Ver011d_24-Bit_1200px_90-2.png\",\"contentUrl\":\"https:\\\/\\\/vision-videoschool.eu\\\/wp-content\\\/uploads\\\/2021\\\/04\\\/cropped-AnimaVision_LOGO_2021-Ver011d_24-Bit_1200px_90-2.png\",\"width\":1220,\"height\":480,\"caption\":\"V I S I O N and A N I M A V I S I O N - Video School Online\"},\"image\":{\"@id\":\"https:\\\/\\\/vision-videoschool.eu\\\/#\\\/schema\\\/logo\\\/image\\\/\"},\"sameAs\":[\"https:\\\/\\\/www.facebook.com\\\/people\\\/Vision-video-school-online\\\/100030695877266\\\/\"]}]}<\/script>\n<!-- \/ Yoast SEO plugin. -->","yoast_head_json":{"title":"Brezpla\u010dni spletni viri - V I S I O N and A N I M A V I S I O N - Video School Online","robots":{"index":"index","follow":"follow","max-snippet":"max-snippet:-1","max-image-preview":"max-image-preview:large","max-video-preview":"max-video-preview:-1"},"canonical":"https:\/\/vision-videoschool.eu\/?page_id=909","og_locale":"de_DE","og_type":"article","og_title":"Brezpla\u010dni spletni viri - V I S I O N and A N I M A V I S I O N - Video School Online","og_description":"O\u00a0\u010dem\u00a0govori\u00a0to poglavje? Na spletu lahko najde\u0161 ogromno virov, s pomo\u010djo katerih lahko dokon\u010da\u0161 ali izbolj\u0161a\u0161 svoj video. Obstajajo skupnosti programerjev in ustvarjalcev, ki razvijajo brezpla\u010dne programe za obdelavo slik in videa, ustvarjajo razli\u010dne zvoke, zvo\u010dne efekte, glasbo&#8230; Priporo\u010dljivo je, da vedno preveri\u0161, kak\u0161ne pravice za uporabo ima\u0161 za dolo\u010den program ali avtorsko delo (ilustracijo, fotografijo,...","og_url":"https:\/\/vision-videoschool.eu\/?page_id=909","og_site_name":"V I S I O N and A N I M A V I S I O N - Video School Online","article_publisher":"https:\/\/www.facebook.com\/people\/Vision-video-school-online\/100030695877266\/","article_modified_time":"2022-04-12T10:32:38+00:00","og_image":[{"width":2226,"height":1252,"url":"https:\/\/vision-videoschool.eu\/wp-content\/uploads\/2015\/03\/DSC_0451-e1649765186597.jpg","type":"image\/jpeg"}],"twitter_card":"summary_large_image","twitter_misc":{"Gesch\u00e4tzte Lesezeit":"6\u00a0Minuten"},"schema":{"@context":"https:\/\/schema.org","@graph":[{"@type":"WebPage","@id":"https:\/\/vision-videoschool.eu\/?page_id=909","url":"https:\/\/vision-videoschool.eu\/?page_id=909","name":"Brezpla\u010dni spletni viri - V I S I O N and A N I M A V I S I O N - Video School Online","isPartOf":{"@id":"https:\/\/vision-videoschool.eu\/#website"},"primaryImageOfPage":{"@id":"https:\/\/vision-videoschool.eu\/?page_id=909#primaryimage"},"image":{"@id":"https:\/\/vision-videoschool.eu\/?page_id=909#primaryimage"},"thumbnailUrl":"https:\/\/vision-videoschool.eu\/wp-content\/uploads\/2015\/03\/DSC_0451-e1649765186597.jpg","datePublished":"2015-03-26T11:38:08+00:00","dateModified":"2022-04-12T10:32:38+00:00","breadcrumb":{"@id":"https:\/\/vision-videoschool.eu\/?page_id=909#breadcrumb"},"inLanguage":"de","potentialAction":[{"@type":"ReadAction","target":["https:\/\/vision-videoschool.eu\/?page_id=909"]}]},{"@type":"ImageObject","inLanguage":"de","@id":"https:\/\/vision-videoschool.eu\/?page_id=909#primaryimage","url":"https:\/\/vision-videoschool.eu\/wp-content\/uploads\/2015\/03\/DSC_0451-e1649765186597.jpg","contentUrl":"https:\/\/vision-videoschool.eu\/wp-content\/uploads\/2015\/03\/DSC_0451-e1649765186597.jpg","width":2226,"height":1252},{"@type":"BreadcrumbList","@id":"https:\/\/vision-videoschool.eu\/?page_id=909#breadcrumb","itemListElement":[{"@type":"ListItem","position":1,"name":"Home","item":"https:\/\/vision-videoschool.eu\/"},{"@type":"ListItem","position":2,"name":"Brezpla\u010dni spletni viri"}]},{"@type":"WebSite","@id":"https:\/\/vision-videoschool.eu\/#website","url":"https:\/\/vision-videoschool.eu\/","name":"V I S I O N and A N I M A V I S I O N - Video School Online","description":"Informal internet video school for youngsters, youth workers, teachers and others.","publisher":{"@id":"https:\/\/vision-videoschool.eu\/#organization"},"potentialAction":[{"@type":"SearchAction","target":{"@type":"EntryPoint","urlTemplate":"https:\/\/vision-videoschool.eu\/?s={search_term_string}"},"query-input":{"@type":"PropertyValueSpecification","valueRequired":true,"valueName":"search_term_string"}}],"inLanguage":"de"},{"@type":"Organization","@id":"https:\/\/vision-videoschool.eu\/#organization","name":"V I S I O N and A N I M A V I S I O N - Video School Online","url":"https:\/\/vision-videoschool.eu\/","logo":{"@type":"ImageObject","inLanguage":"de","@id":"https:\/\/vision-videoschool.eu\/#\/schema\/logo\/image\/","url":"https:\/\/vision-videoschool.eu\/wp-content\/uploads\/2021\/04\/cropped-AnimaVision_LOGO_2021-Ver011d_24-Bit_1200px_90-2.png","contentUrl":"https:\/\/vision-videoschool.eu\/wp-content\/uploads\/2021\/04\/cropped-AnimaVision_LOGO_2021-Ver011d_24-Bit_1200px_90-2.png","width":1220,"height":480,"caption":"V I S I O N and A N I M A V I S I O N - Video School Online"},"image":{"@id":"https:\/\/vision-videoschool.eu\/#\/schema\/logo\/image\/"},"sameAs":["https:\/\/www.facebook.com\/people\/Vision-video-school-online\/100030695877266\/"]}]}},"rttpg_featured_image_url":{"full":["https:\/\/vision-videoschool.eu\/wp-content\/uploads\/2015\/03\/DSC_0451-e1649765186597.jpg",2226,1252,false],"landscape":["https:\/\/vision-videoschool.eu\/wp-content\/uploads\/2015\/03\/DSC_0451-e1649765186597.jpg",2226,1252,false],"portraits":["https:\/\/vision-videoschool.eu\/wp-content\/uploads\/2015\/03\/DSC_0451-e1649765186597.jpg",2226,1252,false],"thumbnail":["https:\/\/vision-videoschool.eu\/wp-content\/uploads\/2015\/03\/DSC_0451-e1649765186597-150x150.jpg",150,150,true],"medium":["https:\/\/vision-videoschool.eu\/wp-content\/uploads\/2015\/03\/DSC_0451-e1649765186597-300x169.jpg",300,169,true],"large":["https:\/\/vision-videoschool.eu\/wp-content\/uploads\/2015\/03\/DSC_0451-e1649765186597-644x362.jpg",644,362,true],"1536x1536":["https:\/\/vision-videoschool.eu\/wp-content\/uploads\/2015\/03\/DSC_0451-e1649765186597-1536x864.jpg",1536,864,true],"2048x2048":["https:\/\/vision-videoschool.eu\/wp-content\/uploads\/2015\/03\/DSC_0451-e1649765186597-2048x1152.jpg",2048,1152,true],"post-thumbnail":["https:\/\/vision-videoschool.eu\/wp-content\/uploads\/2015\/03\/DSC_0451-e1649765186597-644x362.jpg",644,362,true],"first-page-thumbnail":["https:\/\/vision-videoschool.eu\/wp-content\/uploads\/2015\/03\/DSC_0451-e1649765186597-1220x480.jpg",1220,480,true]},"rttpg_author":{"display_name":"vision_slo","author_link":"https:\/\/vision-videoschool.eu\/?author=2"},"rttpg_comment":0,"rttpg_category":" <a href=\"https:\/\/vision-videoschool.eu\/?language=sl_si\" rel=\"tag\">sl_SI<\/a>","rttpg_excerpt":"O\u00a0\u010dem\u00a0govori\u00a0to poglavje? Na spletu lahko najde\u0161 ogromno virov, s pomo\u010djo katerih lahko dokon\u010da\u0161 ali izbolj\u0161a\u0161 svoj video. Obstajajo skupnosti programerjev in ustvarjalcev, ki razvijajo brezpla\u010dne programe za obdelavo slik in videa, ustvarjajo razli\u010dne zvoke, zvo\u010dne efekte, glasbo&#8230; Priporo\u010dljivo je, da vedno preveri\u0161, kak\u0161ne pravice za uporabo ima\u0161 za dolo\u010den program ali avtorsko delo (ilustracijo, fotografijo,...","_links":{"self":[{"href":"https:\/\/vision-videoschool.eu\/index.php?rest_route=\/wp\/v2\/pages\/909","targetHints":{"allow":["GET"]}}],"collection":[{"href":"https:\/\/vision-videoschool.eu\/index.php?rest_route=\/wp\/v2\/pages"}],"about":[{"href":"https:\/\/vision-videoschool.eu\/index.php?rest_route=\/wp\/v2\/types\/page"}],"author":[{"embeddable":true,"href":"https:\/\/vision-videoschool.eu\/index.php?rest_route=\/wp\/v2\/users\/2"}],"replies":[{"embeddable":true,"href":"https:\/\/vision-videoschool.eu\/index.php?rest_route=%2Fwp%2Fv2%2Fcomments&post=909"}],"version-history":[{"count":31,"href":"https:\/\/vision-videoschool.eu\/index.php?rest_route=\/wp\/v2\/pages\/909\/revisions"}],"predecessor-version":[{"id":5958,"href":"https:\/\/vision-videoschool.eu\/index.php?rest_route=\/wp\/v2\/pages\/909\/revisions\/5958"}],"wp:featuredmedia":[{"embeddable":true,"href":"https:\/\/vision-videoschool.eu\/index.php?rest_route=\/wp\/v2\/media\/3799"}],"wp:attachment":[{"href":"https:\/\/vision-videoschool.eu\/index.php?rest_route=%2Fwp%2Fv2%2Fmedia&parent=909"}],"wp:term":[{"taxonomy":"language","embeddable":true,"href":"https:\/\/vision-videoschool.eu\/index.php?rest_route=%2Fwp%2Fv2%2Flanguage&post=909"}],"curies":[{"name":"wp","href":"https:\/\/api.w.org\/{rel}","templated":true}]}}